{"id":68,"date":"2022-11-26T20:44:16","date_gmt":"2022-11-26T20:44:16","guid":{"rendered":"https:\/\/krishnamurtitextos.com.br\/?page_id=68"},"modified":"2023-01-09T12:08:59","modified_gmt":"2023-01-09T12:08:59","slug":"1940-2","status":"publish","type":"page","link":"https:\/\/krishnamurtitextos.com.br\/?page_id=68","title":{"rendered":"1940"},"content":{"rendered":"\t\t<div data-elementor-type=\"wp-page\" data-elementor-id=\"68\" class=\"elementor elementor-68\">\n\t\t\t\t\t\t<section class=\"elementor-section elementor-top-section elementor-element elementor-element-6b72480d elementor-section-boxed elementor-section-height-default elementor-section-height-default\" data-id=\"6b72480d\" data-element_type=\"section\" data-e-type=\"section\">\n\t\t\t\t\t\t<div class=\"elementor-container elementor-column-gap-default\">\n\t\t\t\t\t<div class=\"elementor-column elementor-col-100 elementor-top-column elementor-element elementor-element-6c8bc6fd\" data-id=\"6c8bc6fd\" data-element_type=\"column\" data-e-type=\"column\">\n\t\t\t<div class=\"elementor-widget-wrap elementor-element-populated\">\n\t\t\t\t\t\t<div class=\"elementor-element elementor-element-58505ab5 elementor-widget elementor-widget-text-editor\" data-id=\"58505ab5\" data-element_type=\"widget\" data-e-type=\"widget\" data-widget_type=\"text-editor.default\">\n\t\t\t\t<div class=\"elementor-widget-container\">\n\t\t\t\t\t\t\t\t\t<p>Nesta p\u00e1gina encontram-se os textos traduzidos da d\u00e9cada de 40, organizados pela data do evento.Para acessar o conte\u00fado, basta clicar na data correspondente, sendo assim direcionado para o texto.Uma planilha com a totalidade dos textos originais da d\u00e9cada, disponibilizados pela KFT, poder\u00e3o ser acessados pelo bot\u00e3o abaixo.<\/p>\t\t\t\t\t\t\t\t<\/div>\n\t\t\t\t<\/div>\n\t\t\t\t<div class=\"elementor-element elementor-element-431649bd elementor-align-center elementor-widget elementor-widget-button\" data-id=\"431649bd\" data-element_type=\"widget\" data-e-type=\"widget\" data-widget_type=\"button.default\">\n\t\t\t\t<div class=\"elementor-widget-container\">\n\t\t\t\t\t\t\t\t\t<div class=\"elementor-button-wrapper\">\n\t\t\t\t\t<a class=\"elementor-button elementor-button-link elementor-size-sm\" href=\"https:\/\/krishnamurtitextos.com.br\/?page_id=2499\" target=\"_blank\">\n\t\t\t\t\t\t<span class=\"elementor-button-content-wrapper\">\n\t\t\t\t\t\t\t\t\t<span class=\"elementor-button-text\">Textos originais<\/span>\n\t\t\t\t\t<\/span>\n\t\t\t\t\t<\/a>\n\t\t\t\t<\/div>\n\t\t\t\t\t\t\t\t<\/div>\n\t\t\t\t<\/div>\n\t\t\t\t\t<\/div>\n\t\t<\/div>\n\t\t\t\t\t<\/div>\n\t\t<\/section>\n\t\t\t\t<section class=\"elementor-section elementor-top-section elementor-element elementor-element-abd13c5 elementor-section-boxed elementor-section-height-default elementor-section-height-default\" data-id=\"abd13c5\" data-element_type=\"section\" data-e-type=\"section\">\n\t\t\t\t\t\t<div class=\"elementor-container elementor-column-gap-default\">\n\t\t\t\t\t<div class=\"elementor-column elementor-col-25 elementor-top-column elementor-element elementor-element-38646f74\" data-id=\"38646f74\" data-element_type=\"column\" data-e-type=\"column\">\n\t\t\t<div class=\"elementor-widget-wrap elementor-element-populated\">\n\t\t\t\t\t\t<div class=\"elementor-element elementor-element-731bcf06 elementor-widget elementor-widget-heading\" data-id=\"731bcf06\" data-element_type=\"widget\" data-e-type=\"widget\" data-widget_type=\"heading.default\">\n\t\t\t\t<div class=\"elementor-widget-container\">\n\t\t\t\t\t<h2 class=\"elementor-heading-title elementor-size-default\">Palestras em Ojai, EUA<\/h2>\t\t\t\t<\/div>\n\t\t\t\t<\/div>\n\t\t\t\t<div class=\"elementor-element elementor-element-25683758 elementor-widget elementor-widget-text-editor\" data-id=\"25683758\" data-element_type=\"widget\" data-e-type=\"widget\" data-widget_type=\"text-editor.default\">\n\t\t\t\t<div class=\"elementor-widget-container\">\n\t\t\t\t\t\t\t\t\t<ul><li><a href=\"https:\/\/krishnamurtitextos.com.br\/?page_id=1271\" target=\"_blank\" rel=\"noopener\"><span style=\"color: #0000ff;\">26\/05\/1940<\/span><\/a><\/li><li><a href=\"https:\/\/krishnamurtitextos.com.br\/?page_id=1282\" target=\"_blank\" rel=\"noopener\"><span style=\"color: #0000ff;\">02\/06\/1940<\/span><\/a><\/li><li><a href=\"https:\/\/krishnamurtitextos.com.br\/?page_id=1293\" target=\"_blank\" rel=\"noopener\"><span style=\"color: #0000ff;\">09\/06\/1940<\/span><\/a><\/li><li><a href=\"https:\/\/krishnamurtitextos.com.br\/?page_id=1304\" target=\"_blank\" rel=\"noopener\"><span style=\"color: #0000ff;\">16\/06\/1940<\/span><\/a><\/li><li><a href=\"https:\/\/krishnamurtitextos.com.br\/?page_id=1315\" target=\"_blank\" rel=\"noopener\"><span style=\"color: #0000ff;\">23\/06\/1940<\/span><\/a><\/li><li><a href=\"https:\/\/krishnamurtitextos.com.br\/?page_id=1326\" target=\"_blank\" rel=\"noopener\"><span style=\"color: #0000ff;\">30\/06\/1940<\/span><\/a><\/li><li><a href=\"https:\/\/krishnamurtitextos.com.br\/?page_id=1337\" target=\"_blank\" rel=\"noopener\"><span style=\"color: #0000ff;\">07\/07\/1940<\/span><\/a><\/li><\/ul>\t\t\t\t\t\t\t\t<\/div>\n\t\t\t\t<\/div>\n\t\t\t\t\t<\/div>\n\t\t<\/div>\n\t\t\t\t<div class=\"elementor-column elementor-col-25 elementor-top-column elementor-element elementor-element-718db4f1\" data-id=\"718db4f1\" data-element_type=\"column\" data-e-type=\"column\">\n\t\t\t<div class=\"elementor-widget-wrap elementor-element-populated\">\n\t\t\t\t\t\t<div class=\"elementor-element elementor-element-4439181e elementor-widget elementor-widget-heading\" data-id=\"4439181e\" data-element_type=\"widget\" data-e-type=\"widget\" data-widget_type=\"heading.default\">\n\t\t\t\t<div class=\"elementor-widget-container\">\n\t\t\t\t\t<h2 class=\"elementor-heading-title elementor-size-default\">Palestras em  Ojai, EUA<\/h2>\t\t\t\t<\/div>\n\t\t\t\t<\/div>\n\t\t\t\t<div class=\"elementor-element elementor-element-38920f1d elementor-widget elementor-widget-text-editor\" data-id=\"38920f1d\" data-element_type=\"widget\" data-e-type=\"widget\" data-widget_type=\"text-editor.default\">\n\t\t\t\t<div class=\"elementor-widget-container\">\n\t\t\t\t\t\t\t\t\t<ul><li><a href=\"https:\/\/krishnamurtitextos.com.br\/?page_id=1348\" target=\"_blank\" rel=\"noopener\"><span style=\"color: #0000ff;\">14\/05\/1944<\/span><\/a><\/li><li><a href=\"https:\/\/krishnamurtitextos.com.br\/?page_id=1359\" target=\"_blank\" rel=\"noopener\"><span style=\"color: #0000ff;\">21\/05\/1944<\/span><\/a><\/li><li><a href=\"https:\/\/krishnamurtitextos.com.br\/?page_id=1370\" target=\"_blank\" rel=\"noopener\"><span style=\"color: #0000ff;\">28\/05\/1944<\/span><\/a><\/li><li><a href=\"https:\/\/krishnamurtitextos.com.br\/?page_id=1381\" target=\"_blank\" rel=\"noopener\"><span style=\"color: #0000ff;\">04\/06\/1944<\/span><\/a><\/li><li><a href=\"https:\/\/krishnamurtitextos.com.br\/11-06-1944\/\" target=\"_blank\" rel=\"noopener\"><span style=\"color: #0000ff;\">11\/06\/1944<\/span><\/a><\/li><li><a href=\"https:\/\/krishnamurtitextos.com.br\/?page_id=1403\" target=\"_blank\" rel=\"noopener\"><span style=\"color: #0000ff;\">18\/06\/1944<\/span><\/a><\/li><li><a href=\"https:\/\/krishnamurtitextos.com.br\/25-06-1944\/\" target=\"_blank\" rel=\"noopener\"><span style=\"color: #0000ff;\">25\/06\/1944<\/span><\/a><\/li><li><a href=\"https:\/\/krishnamurtitextos.com.br\/?page_id=1425\" target=\"_blank\" rel=\"noopener\"><span style=\"color: #0000ff;\">02\/07\/1944<\/span><\/a><\/li><li><a href=\"https:\/\/krishnamurtitextos.com.br\/?page_id=1436\" target=\"_blank\" rel=\"noopener\"><span style=\"color: #0000ff;\">09\/07\/1944<\/span><\/a><\/li><li><a href=\"https:\/\/krishnamurtitextos.com.br\/?page_id=1447\" target=\"_blank\" rel=\"noopener\"><span style=\"color: #0000ff;\">16\/07\/1944<\/span><\/a><\/li><\/ul>\t\t\t\t\t\t\t\t<\/div>\n\t\t\t\t<\/div>\n\t\t\t\t\t<\/div>\n\t\t<\/div>\n\t\t\t\t<div class=\"elementor-column elementor-col-25 elementor-top-column elementor-element elementor-element-79c1021\" data-id=\"79c1021\" data-element_type=\"column\" data-e-type=\"column\">\n\t\t\t<div class=\"elementor-widget-wrap elementor-element-populated\">\n\t\t\t\t\t\t<div class=\"elementor-element elementor-element-74783914 elementor-widget elementor-widget-heading\" data-id=\"74783914\" data-element_type=\"widget\" data-e-type=\"widget\" data-widget_type=\"heading.default\">\n\t\t\t\t<div class=\"elementor-widget-container\">\n\t\t\t\t\t<h2 class=\"elementor-heading-title elementor-size-default\">Palestras em Ojai, EUA<\/h2>\t\t\t\t<\/div>\n\t\t\t\t<\/div>\n\t\t\t\t<div class=\"elementor-element elementor-element-62542987 elementor-widget elementor-widget-text-editor\" data-id=\"62542987\" data-element_type=\"widget\" data-e-type=\"widget\" data-widget_type=\"text-editor.default\">\n\t\t\t\t<div class=\"elementor-widget-container\">\n\t\t\t\t\t\t\t\t\t<ul><li><a href=\"https:\/\/krishnamurtitextos.com.br\/?page_id=1458\" target=\"_blank\" rel=\"noopener\"><span style=\"color: #0000ff;\">27\/05\/1945<\/span><\/a><\/li><li><a href=\"https:\/\/krishnamurtitextos.com.br\/03-06-1945\/\" target=\"_blank\" rel=\"noopener\"><span style=\"color: #0000ff;\">03\/06\/1945<\/span><\/a><\/li><li><a href=\"https:\/\/krishnamurtitextos.com.br\/?page_id=1480\" target=\"_blank\" rel=\"noopener\"><span style=\"color: #0000ff;\">10\/06\/1945<\/span><\/a><\/li><li><a href=\"https:\/\/krishnamurtitextos.com.br\/?page_id=1491\" target=\"_blank\" rel=\"noopener\"><span style=\"color: #0000ff;\">17\/06\/1945<\/span><\/a><\/li><li><a href=\"https:\/\/krishnamurtitextos.com.br\/?page_id=1502\" target=\"_blank\" rel=\"noopener\"><span style=\"color: #0000ff;\">24\/06\/1945<\/span><\/a><\/li><li><a href=\"https:\/\/krishnamurtitextos.com.br\/?page_id=1513\" target=\"_blank\" rel=\"noopener\"><span style=\"color: #0000ff;\">01\/07\/1945<\/span><\/a><\/li><li><a href=\"https:\/\/krishnamurtitextos.com.br\/?page_id=1527\" target=\"_blank\" rel=\"noopener\"><span style=\"color: #0000ff;\">08\/07\/1945<\/span><\/a><\/li><li><a href=\"https:\/\/krishnamurtitextos.com.br\/?page_id=1538\" target=\"_blank\" rel=\"noopener\"><span style=\"color: #0000ff;\">15\/07\/1945<\/span><\/a><\/li><li><a href=\"https:\/\/krishnamurtitextos.com.br\/?page_id=1549\" target=\"_blank\" rel=\"noopener\"><span style=\"color: #0000ff;\">22\/07\/1945<\/span><\/a><\/li><li><a href=\"https:\/\/krishnamurtitextos.com.br\/?page_id=1560\" target=\"_blank\" rel=\"noopener\"><span style=\"color: #0000ff;\">29\/07\/1945<\/span><\/a><\/li><\/ul>\t\t\t\t\t\t\t\t<\/div>\n\t\t\t\t<\/div>\n\t\t\t\t\t<\/div>\n\t\t<\/div>\n\t\t\t\t<div class=\"elementor-column elementor-col-25 elementor-top-column elementor-element elementor-element-74ee3fb2\" data-id=\"74ee3fb2\" data-element_type=\"column\" data-e-type=\"column\">\n\t\t\t<div class=\"elementor-widget-wrap elementor-element-populated\">\n\t\t\t\t\t\t<div class=\"elementor-element elementor-element-fb54782 elementor-widget elementor-widget-heading\" data-id=\"fb54782\" data-element_type=\"widget\" data-e-type=\"widget\" data-widget_type=\"heading.default\">\n\t\t\t\t<div class=\"elementor-widget-container\">\n\t\t\t\t\t<h2 class=\"elementor-heading-title elementor-size-default\">Palestras em Ojai, EUA<\/h2>\t\t\t\t<\/div>\n\t\t\t\t<\/div>\n\t\t\t\t<div class=\"elementor-element elementor-element-7d52d947 elementor-widget elementor-widget-text-editor\" data-id=\"7d52d947\" data-element_type=\"widget\" data-e-type=\"widget\" data-widget_type=\"text-editor.default\">\n\t\t\t\t<div class=\"elementor-widget-container\">\n\t\t\t\t\t\t\t\t\t<ul><li><a href=\"https:\/\/krishnamurtitextos.com.br\/?page_id=1571\" target=\"_blank\" rel=\"noopener\"><span style=\"color: #0000ff;\">07\/04\/1946<\/span><\/a><\/li><li><a href=\"https:\/\/krishnamurtitextos.com.br\/?page_id=1582\"><span style=\"color: #0000ff;\">14\/04\/1946<\/span><\/a><\/li><li><a href=\"https:\/\/krishnamurtitextos.com.br\/?page_id=1593\"><span style=\"color: #0000ff;\">21\/04\/1946<\/span><\/a><\/li><li><a href=\"https:\/\/krishnamurtitextos.com.br\/?page_id=1601\"><span style=\"color: #0000ff;\">28\/04\/1946<\/span><\/a><\/li><\/ul>\t\t\t\t\t\t\t\t<\/div>\n\t\t\t\t<\/div>\n\t\t\t\t\t<\/div>\n\t\t<\/div>\n\t\t\t\t\t<\/div>\n\t\t<\/section>\n\t\t\t\t<section class=\"elementor-section elementor-top-section elementor-element elementor-element-247d974 elementor-section-boxed elementor-section-height-default elementor-section-height-default\" data-id=\"247d974\" data-element_type=\"section\" data-e-type=\"section\">\n\t\t\t\t\t\t<div class=\"elementor-container elementor-column-gap-default\">\n\t\t\t\t\t<div class=\"elementor-column elementor-col-100 elementor-top-column elementor-element elementor-element-4211b7a0\" data-id=\"4211b7a0\" data-element_type=\"column\" data-e-type=\"column\">\n\t\t\t<div class=\"elementor-widget-wrap elementor-element-populated\">\n\t\t\t\t\t\t<div class=\"elementor-element elementor-element-43380865 elementor-widget-divider--view-line elementor-widget elementor-widget-divider\" data-id=\"43380865\" data-element_type=\"widget\" data-e-type=\"widget\" data-widget_type=\"divider.default\">\n\t\t\t\t<div class=\"elementor-widget-container\">\n\t\t\t\t\t\t\t<div class=\"elementor-divider\">\n\t\t\t<span class=\"elementor-divider-separator\">\n\t\t\t\t\t\t<\/span>\n\t\t<\/div>\n\t\t\t\t\t\t<\/div>\n\t\t\t\t<\/div>\n\t\t\t\t\t<\/div>\n\t\t<\/div>\n\t\t\t\t\t<\/div>\n\t\t<\/section>\n\t\t\t\t<section class=\"elementor-section elementor-top-section elementor-element elementor-element-12fcf859 elementor-section-boxed elementor-section-height-default elementor-section-height-default\" data-id=\"12fcf859\" data-element_type=\"section\" data-e-type=\"section\">\n\t\t\t\t\t\t<div class=\"elementor-container elementor-column-gap-default\">\n\t\t\t\t\t<div class=\"elementor-column elementor-col-25 elementor-top-column elementor-element elementor-element-76bf3cb9\" data-id=\"76bf3cb9\" data-element_type=\"column\" data-e-type=\"column\">\n\t\t\t<div class=\"elementor-widget-wrap elementor-element-populated\">\n\t\t\t\t\t\t<div class=\"elementor-element elementor-element-231e8c1a elementor-widget elementor-widget-heading\" data-id=\"231e8c1a\" data-element_type=\"widget\" data-e-type=\"widget\" data-widget_type=\"heading.default\">\n\t\t\t\t<div class=\"elementor-widget-container\">\n\t\t\t\t\t<h2 class=\"elementor-heading-title elementor-size-default\">Palestras em Madras, \u00cdndia<\/h2>\t\t\t\t<\/div>\n\t\t\t\t<\/div>\n\t\t\t\t<div class=\"elementor-element elementor-element-17f012e6 elementor-widget elementor-widget-text-editor\" data-id=\"17f012e6\" data-element_type=\"widget\" data-e-type=\"widget\" data-widget_type=\"text-editor.default\">\n\t\t\t\t<div class=\"elementor-widget-container\">\n\t\t\t\t\t\t\t\t\t<ul><li>26\/10\/1947<\/li><li>02\/11\/1947<\/li><li>16\/11\/1947<\/li><li>23\/11\/1947<\/li><\/ul>\t\t\t\t\t\t\t\t<\/div>\n\t\t\t\t<\/div>\n\t\t\t\t\t<\/div>\n\t\t<\/div>\n\t\t\t\t<div class=\"elementor-column elementor-col-25 elementor-top-column elementor-element elementor-element-42e83017\" data-id=\"42e83017\" data-element_type=\"column\" data-e-type=\"column\">\n\t\t\t<div class=\"elementor-widget-wrap elementor-element-populated\">\n\t\t\t\t\t\t<div class=\"elementor-element elementor-element-7380735c elementor-widget elementor-widget-heading\" data-id=\"7380735c\" data-element_type=\"widget\" data-e-type=\"widget\" data-widget_type=\"heading.default\">\n\t\t\t\t<div class=\"elementor-widget-container\">\n\t\t\t\t\t<h2 class=\"elementor-heading-title elementor-size-default\">Palestras em Bombay, \u00cdndia<\/h2>\t\t\t\t<\/div>\n\t\t\t\t<\/div>\n\t\t\t\t<div class=\"elementor-element elementor-element-1e3c02f elementor-widget elementor-widget-text-editor\" data-id=\"1e3c02f\" data-element_type=\"widget\" data-e-type=\"widget\" data-widget_type=\"text-editor.default\">\n\t\t\t\t<div class=\"elementor-widget-container\">\n\t\t\t\t\t\t\t\t\t<ul><li><a href=\"https:\/\/krishnamurtitextos.com.br\/?page_id=1657\" target=\"_blank\" rel=\"noopener\"><span style=\"color: #0000ff;\">18\/01\/1948<\/span><\/a><\/li><li><a href=\"https:\/\/krishnamurtitextos.com.br\/?page_id=1668\" target=\"_blank\" rel=\"noopener\"><span style=\"color: #0000ff;\">25\/01\/1948<\/span><\/a><\/li><li><a href=\"https:\/\/krishnamurtitextos.com.br\/?page_id=2993\" target=\"_blank\" rel=\"noopener\"><span style=\"color: #0000ff;\">01\/02\/1948<\/span><\/a><\/li><li><a href=\"https:\/\/krishnamurtitextos.com.br\/?page_id=3026\" target=\"_blank\" rel=\"noopener\"><span style=\"color: #0000ff;\">08\/02\/1948<\/span><\/a><\/li><li><a href=\"https:\/\/krishnamurtitextos.com.br\/?page_id=3137\"><span style=\"color: #0000ff;\">15\/02\/1948<\/span><\/a><\/li><\/ul>\t\t\t\t\t\t\t\t<\/div>\n\t\t\t\t<\/div>\n\t\t\t\t\t<\/div>\n\t\t<\/div>\n\t\t\t\t<div class=\"elementor-column elementor-col-25 elementor-top-column elementor-element elementor-element-6368689a\" data-id=\"6368689a\" data-element_type=\"column\" data-e-type=\"column\">\n\t\t\t<div class=\"elementor-widget-wrap\">\n\t\t\t\t\t\t\t<\/div>\n\t\t<\/div>\n\t\t\t\t<div class=\"elementor-column elementor-col-25 elementor-top-column elementor-element elementor-element-36911591\" data-id=\"36911591\" data-element_type=\"column\" data-e-type=\"column\">\n\t\t\t<div class=\"elementor-widget-wrap\">\n\t\t\t\t\t\t\t<\/div>\n\t\t<\/div>\n\t\t\t\t\t<\/div>\n\t\t<\/section>\n\t\t\t\t<\/div>\n\t\t","protected":false},"excerpt":{"rendered":"<p>Nesta p\u00e1gina encontram-se os textos traduzidos da d\u00e9cada de 40, organizados pela data do evento.Para acessar o conte\u00fado, basta clicar na data correspondente, sendo assim direcionado para o texto.Uma planilha com a totalidade dos textos originais da d\u00e9cada, disponibilizados pela KFT, poder\u00e3o ser acessados pelo bot\u00e3o abaixo. Textos originais Palestras em Ojai, EUA 26\/05\/1940 02\/06\/1940 [&hellip;]<\/p>\n","protected":false},"author":1,"featured_media":0,"parent":0,"menu_order":0,"comment_status":"closed","ping_status":"closed","template":"elementor_canvas","meta":{"footnotes":""},"class_list":["post-68","page","type-page","status-publish","hentry","entry"],"_links":{"self":[{"href":"https:\/\/krishnamurtitextos.com.br\/index.php?rest_route=\/wp\/v2\/pages\/68","targetHints":{"allow":["GET"]}}],"collection":[{"href":"https:\/\/krishnamurtitextos.com.br\/index.php?rest_route=\/wp\/v2\/pages"}],"about":[{"href":"https:\/\/krishnamurtitextos.com.br\/index.php?rest_route=\/wp\/v2\/types\/page"}],"author":[{"embeddable":true,"href":"https:\/\/krishnamurtitextos.com.br\/index.php?rest_route=\/wp\/v2\/users\/1"}],"replies":[{"embeddable":true,"href":"https:\/\/krishnamurtitextos.com.br\/index.php?rest_route=%2Fwp%2Fv2%2Fcomments&post=68"}],"version-history":[{"count":148,"href":"https:\/\/krishnamurtitextos.com.br\/index.php?rest_route=\/wp\/v2\/pages\/68\/revisions"}],"predecessor-version":[{"id":3141,"href":"https:\/\/krishnamurtitextos.com.br\/index.php?rest_route=\/wp\/v2\/pages\/68\/revisions\/3141"}],"wp:attachment":[{"href":"https:\/\/krishnamurtitextos.com.br\/index.php?rest_route=%2Fwp%2Fv2%2Fmedia&parent=68"}],"curies":[{"name":"wp","href":"https:\/\/api.w.org\/{rel}","templated":true}]}}