{"id":4997,"date":"2025-12-31T18:32:10","date_gmt":"2025-12-31T18:32:10","guid":{"rendered":"https:\/\/krishnamurtitextos.com.br\/?page_id=4997"},"modified":"2026-01-28T09:21:43","modified_gmt":"2026-01-28T09:21:43","slug":"meditacao","status":"publish","type":"page","link":"https:\/\/krishnamurtitextos.com.br\/?page_id=4997","title":{"rendered":"Medita\u00e7\u00e3o"},"content":{"rendered":"\t\t<div data-elementor-type=\"wp-page\" data-elementor-id=\"4997\" class=\"elementor elementor-4997\">\n\t\t\t\t\t\t<section class=\"elementor-section elementor-top-section elementor-element elementor-element-e21b117 elementor-section-boxed elementor-section-height-default elementor-section-height-default\" data-id=\"e21b117\" data-element_type=\"section\" data-e-type=\"section\">\n\t\t\t\t\t\t<div class=\"elementor-container elementor-column-gap-default\">\n\t\t\t\t\t<div class=\"elementor-column elementor-col-100 elementor-top-column elementor-element elementor-element-67d6e09\" data-id=\"67d6e09\" data-element_type=\"column\" data-e-type=\"column\">\n\t\t\t<div class=\"elementor-widget-wrap elementor-element-populated\">\n\t\t\t\t\t\t<div class=\"elementor-element elementor-element-8a06990 elementor-widget elementor-widget-text-editor\" data-id=\"8a06990\" data-element_type=\"widget\" data-e-type=\"widget\" data-widget_type=\"text-editor.default\">\n\t\t\t\t<div class=\"elementor-widget-container\">\n\t\t\t\t\t\t\t\t\t<p><a href=\"https:\/\/rumble.com\/v42adef-sobre-os-sistemas-de-meditao-jiddu-krishnamurti.html\"><span style=\"color: #0000ff;\">Sobre os sistemas de medita\u00e7\u00e3o <\/span>(00:05:27)<\/a><\/p><p><a href=\"https:\/\/rumble.com\/v41x0uf-religio-e-meditao-1972-jiddu-krishnamurti.html\"><span style=\"color: #0000ff;\">Religi\u00e3o e medita\u00e7\u00e3o &#8211; 1972 <\/span>(00:41:42)<\/a><\/p><p><a href=\"https:\/\/rumble.com\/v41qrxb-que-tipo-de-crebro-necessrio-para-a-meditao-1983-jiddu-krishnamurti.html\"><span style=\"color: #0000ff;\">Que tipo de c\u00e9rebro \u00e9 necess\u00e1rio para a medita\u00e7\u00e3o? &#8211; 1983 <\/span>(01:07:14)<\/a><\/p><p><a href=\"https:\/\/rumble.com\/v40v7p6-o-que-a-meditao-1972.html\"><span style=\"color: #0000ff;\">O que \u00e9 a medita\u00e7\u00e3o? &#8211; 1972 <\/span>(00:38:07)<\/a><\/p><p><a href=\"https:\/\/rumble.com\/v40v408-o-que-meditao-1970-jiddu-krishnamurti.html\"><span style=\"color: #0000ff;\">O que \u00e9 medita\u00e7\u00e3o &#8211; 1970 <\/span>(00:57:07)<\/a><\/p><p><a href=\"https:\/\/rumble.com\/v40f8ro-meditao-dar-ao-pensamento-o-seu-lugar-devido-1979.html\"><span style=\"color: #0000ff;\">Medita\u00e7\u00e3o \u00e9 dar ao pensamento o seu lugar devido &#8211; 1979 <\/span>(01:27:14)<\/a><\/p><p><a href=\"https:\/\/rumble.com\/v40g3y5-o-comeo-da-meditao-1978.html\"><span style=\"color: #0000ff;\">O come\u00e7o da medita\u00e7\u00e3o &#8211; 1978 <\/span>(01:22:09)<\/a><\/p><p><a href=\"https:\/\/rumble.com\/v40f8k0-meditao-e-a-mente-sagrada-1974.html\"><span style=\"color: #0000ff;\">Medita\u00e7\u00e3o e a mente sagrada &#8211; 1974 <\/span>(00:58:42)<\/a><\/p><p><a href=\"https:\/\/rumble.com\/v40f8dw-meditao-alm-do-mito-e-da-tradio-jiddu-krishnamurti.html\"><span style=\"color: #0000ff;\">Medita\u00e7\u00e3o &#8211; Al\u00e9m do mito e da tradi\u00e7\u00e3o <\/span>(00:28:47)<\/a><\/p><p><a href=\"https:\/\/rumble.com\/v40f9cw-meditao-o-atemporal-e-o-amor-1979-jiddu-krishnamurti.html\"><span style=\"color: #0000ff;\">Medita\u00e7\u00e3o, o atemporal e o amor &#8211; 1979 <\/span>(01:12:08)<\/a><\/p><p><a href=\"https:\/\/rumble.com\/v40f9l8-meditao-uma-qualidade-de-ateno-que-permeia-toda-uma-vida-1974.html\"><span style=\"color: #0000ff;\">Medita\u00e7\u00e3o, uma qualidade de aten\u00e7\u00e3o que permeia toda uma vida &#8211; 1974 <\/span>(00:58:59)<\/a><\/p><p><a href=\"https:\/\/rumble.com\/v3v1j33-compreender-a-meditao-requer-ordem-1970.html\"><span style=\"color: #0000ff;\">Compreender a medita\u00e7\u00e3o requer ordem &#8211; 1970 <\/span>(00:56:49)<\/a><\/p>\t\t\t\t\t\t\t\t<\/div>\n\t\t\t\t<\/div>\n\t\t\t\t\t<\/div>\n\t\t<\/div>\n\t\t\t\t\t<\/div>\n\t\t<\/section>\n\t\t\t\t<\/div>\n\t\t","protected":false},"excerpt":{"rendered":"<p>Sobre os sistemas de medita\u00e7\u00e3o (00:05:27) Religi\u00e3o e medita\u00e7\u00e3o &#8211; 1972 (00:41:42) Que tipo de c\u00e9rebro \u00e9 necess\u00e1rio para a medita\u00e7\u00e3o? &#8211; 1983 (01:07:14) O que \u00e9 a medita\u00e7\u00e3o? &#8211; 1972 (00:38:07) O que \u00e9 medita\u00e7\u00e3o &#8211; 1970 (00:57:07) Medita\u00e7\u00e3o \u00e9 dar ao pensamento o seu lugar devido &#8211; 1979 (01:27:14) O come\u00e7o da medita\u00e7\u00e3o [&hellip;]<\/p>\n","protected":false},"author":1,"featured_media":0,"parent":0,"menu_order":0,"comment_status":"closed","ping_status":"closed","template":"","meta":{"footnotes":""},"class_list":["post-4997","page","type-page","status-publish","hentry","entry"],"_links":{"self":[{"href":"https:\/\/krishnamurtitextos.com.br\/index.php?rest_route=\/wp\/v2\/pages\/4997","targetHints":{"allow":["GET"]}}],"collection":[{"href":"https:\/\/krishnamurtitextos.com.br\/index.php?rest_route=\/wp\/v2\/pages"}],"about":[{"href":"https:\/\/krishnamurtitextos.com.br\/index.php?rest_route=\/wp\/v2\/types\/page"}],"author":[{"embeddable":true,"href":"https:\/\/krishnamurtitextos.com.br\/index.php?rest_route=\/wp\/v2\/users\/1"}],"replies":[{"embeddable":true,"href":"https:\/\/krishnamurtitextos.com.br\/index.php?rest_route=%2Fwp%2Fv2%2Fcomments&post=4997"}],"version-history":[{"count":7,"href":"https:\/\/krishnamurtitextos.com.br\/index.php?rest_route=\/wp\/v2\/pages\/4997\/revisions"}],"predecessor-version":[{"id":5069,"href":"https:\/\/krishnamurtitextos.com.br\/index.php?rest_route=\/wp\/v2\/pages\/4997\/revisions\/5069"}],"wp:attachment":[{"href":"https:\/\/krishnamurtitextos.com.br\/index.php?rest_route=%2Fwp%2Fv2%2Fmedia&parent=4997"}],"curies":[{"name":"wp","href":"https:\/\/api.w.org\/{rel}","templated":true}]}}