{"id":4884,"date":"2025-02-27T18:37:57","date_gmt":"2025-02-27T18:37:57","guid":{"rendered":"https:\/\/krishnamurtitextos.com.br\/?page_id=4884"},"modified":"2025-02-27T18:39:08","modified_gmt":"2025-02-27T18:39:08","slug":"30-2","status":"publish","type":"page","link":"https:\/\/krishnamurtitextos.com.br\/?page_id=4884","title":{"rendered":"30"},"content":{"rendered":"\t\t<div data-elementor-type=\"wp-page\" data-elementor-id=\"4884\" class=\"elementor elementor-4884\">\n\t\t\t\t\t\t<section class=\"elementor-section elementor-top-section elementor-element elementor-element-808fed2 elementor-section-boxed elementor-section-height-default elementor-section-height-default\" data-id=\"808fed2\" data-element_type=\"section\" data-e-type=\"section\">\n\t\t\t\t\t\t<div class=\"elementor-container elementor-column-gap-default\">\n\t\t\t\t\t<div class=\"elementor-column elementor-col-100 elementor-top-column elementor-element elementor-element-f72ba5e\" data-id=\"f72ba5e\" data-element_type=\"column\" data-e-type=\"column\">\n\t\t\t<div class=\"elementor-widget-wrap elementor-element-populated\">\n\t\t\t\t\t\t<div class=\"elementor-element elementor-element-4e460df elementor-widget elementor-widget-heading\" data-id=\"4e460df\" data-element_type=\"widget\" data-e-type=\"widget\" data-widget_type=\"heading.default\">\n\t\t\t\t<div class=\"elementor-widget-container\">\n\t\t\t\t\t<h2 class=\"elementor-heading-title elementor-size-default\"> 3\u00aa Palestra em Buenos Aires - 19 de julho de 1935.<\/h2>\t\t\t\t<\/div>\n\t\t\t\t<\/div>\n\t\t\t\t\t<\/div>\n\t\t<\/div>\n\t\t\t\t\t<\/div>\n\t\t<\/section>\n\t\t\t\t<section class=\"elementor-section elementor-top-section elementor-element elementor-element-621bc0d elementor-section-boxed elementor-section-height-default elementor-section-height-default\" data-id=\"621bc0d\" data-element_type=\"section\" data-e-type=\"section\">\n\t\t\t\t\t\t<div class=\"elementor-container elementor-column-gap-default\">\n\t\t\t\t\t<div class=\"elementor-column elementor-col-100 elementor-top-column elementor-element elementor-element-ebdddd8\" data-id=\"ebdddd8\" data-element_type=\"column\" data-e-type=\"column\">\n\t\t\t<div class=\"elementor-widget-wrap elementor-element-populated\">\n\t\t\t\t\t\t<div class=\"elementor-element elementor-element-d2975cf elementor-widget elementor-widget-text-editor\" data-id=\"d2975cf\" data-element_type=\"widget\" data-e-type=\"widget\" data-widget_type=\"text-editor.default\">\n\t\t\t\t<div class=\"elementor-widget-container\">\n\t\t\t\t\t\t\t\t\t<p><strong>Pergunta<\/strong>: Voc\u00ea nos promete um novo para\u00edso na terra, mas ele \u00e9 inalcan\u00e7\u00e1vel. Voc\u00ea n\u00e3o acha que precisamos de solu\u00e7\u00f5es imediatas, e n\u00e3o de esperan\u00e7as long\u00ednquas? O comunismo universal n\u00e3o seria a solu\u00e7\u00e3o imediata?<\/p><p><strong>Krishnamurti<\/strong>: Eu n\u00e3o estou lhes prometendo um para\u00edso futuro na terra, mas estou lhes dizendo que voc\u00eas podem fazer deste mundo um para\u00edso com o despertar de sua pr\u00f3pria intelig\u00eancia e a\u00e7\u00e3o, por seu pr\u00f3prio questionamento dessas coisas sobre voc\u00eas que s\u00e3o falsas. Nenhum sistema vai salvar o homem, mas apenas sua pr\u00f3pria intelig\u00eancia volunt\u00e1ria. Se voc\u00ea meramente aceita um sistema, se torna escravo dele mas se, a partir de seu pr\u00f3prio sofrimento, de seu pr\u00f3prio questionamento desses valores e tradi\u00e7\u00f5es, voc\u00ea come\u00e7a a despertar a verdadeira intelig\u00eancia, ent\u00e3o voc\u00ea criar\u00e1 aquilo que n\u00e3o pode explorar o homem.<\/p><p>Senhores, o que impede que cada um de n\u00f3s viva inteligentemente, humanamente, sagradamente? Cada um de n\u00f3s busca imortalidade, seguran\u00e7a em outro mundo; assim as religi\u00f5es se tornaram uma necessidade, com toda sua explora\u00e7\u00e3o, domina\u00e7\u00e3o e medo. E, aqui neste mundo, buscamos seguran\u00e7a de outro tipo; ent\u00e3o constru\u00edmos um sistema de guerras selvagem, competitivo, distin\u00e7\u00f5es de classes e todo o resto. Voc\u00eas como indiv\u00edduos criaram esta agonia de distin\u00e7\u00e3o e sofrimento, e voc\u00eas como indiv\u00edduos ter\u00e3o que alter\u00e1-la. Mas se voc\u00ea simplesmente procura um grupo para alterar as presentes condi\u00e7\u00f5es, ent\u00e3o voc\u00ea n\u00e3o levar\u00e1 a cabo esse \u00eaxtase de profunda realiza\u00e7\u00e3o.<\/p><p>Assim, o que trar\u00e1 para o mundo uma condi\u00e7\u00e3o feliz, inteligente, \u00e9 seu pr\u00f3prio despertar, seu intenso questionamento de valores, de onde vir\u00e1 a a\u00e7\u00e3o. Quando voc\u00eas como indiv\u00edduos, pela a\u00e7\u00e3o, come\u00e7arem a compreender o verdadeiro significado da vida, ent\u00e3o haver\u00e1 o para\u00edso na terra.<\/p>\t\t\t\t\t\t\t\t<\/div>\n\t\t\t\t<\/div>\n\t\t\t\t\t<\/div>\n\t\t<\/div>\n\t\t\t\t\t<\/div>\n\t\t<\/section>\n\t\t\t\t<\/div>\n\t\t","protected":false},"excerpt":{"rendered":"<p>3\u00aa Palestra em Buenos Aires &#8211; 19 de julho de 1935. Pergunta: Voc\u00ea nos promete um novo para\u00edso na terra, mas ele \u00e9 inalcan\u00e7\u00e1vel. Voc\u00ea n\u00e3o acha que precisamos de solu\u00e7\u00f5es imediatas, e n\u00e3o de esperan\u00e7as long\u00ednquas? O comunismo universal n\u00e3o seria a solu\u00e7\u00e3o imediata? Krishnamurti: Eu n\u00e3o estou lhes prometendo um para\u00edso futuro na [&hellip;]<\/p>\n","protected":false},"author":1,"featured_media":0,"parent":0,"menu_order":0,"comment_status":"closed","ping_status":"closed","template":"","meta":{"footnotes":""},"class_list":["post-4884","page","type-page","status-publish","hentry","entry"],"_links":{"self":[{"href":"https:\/\/krishnamurtitextos.com.br\/index.php?rest_route=\/wp\/v2\/pages\/4884","targetHints":{"allow":["GET"]}}],"collection":[{"href":"https:\/\/krishnamurtitextos.com.br\/index.php?rest_route=\/wp\/v2\/pages"}],"about":[{"href":"https:\/\/krishnamurtitextos.com.br\/index.php?rest_route=\/wp\/v2\/types\/page"}],"author":[{"embeddable":true,"href":"https:\/\/krishnamurtitextos.com.br\/index.php?rest_route=\/wp\/v2\/users\/1"}],"replies":[{"embeddable":true,"href":"https:\/\/krishnamurtitextos.com.br\/index.php?rest_route=%2Fwp%2Fv2%2Fcomments&post=4884"}],"version-history":[{"count":4,"href":"https:\/\/krishnamurtitextos.com.br\/index.php?rest_route=\/wp\/v2\/pages\/4884\/revisions"}],"predecessor-version":[{"id":4889,"href":"https:\/\/krishnamurtitextos.com.br\/index.php?rest_route=\/wp\/v2\/pages\/4884\/revisions\/4889"}],"wp:attachment":[{"href":"https:\/\/krishnamurtitextos.com.br\/index.php?rest_route=%2Fwp%2Fv2%2Fmedia&parent=4884"}],"curies":[{"name":"wp","href":"https:\/\/api.w.org\/{rel}","templated":true}]}}