{"id":4793,"date":"2025-02-27T17:54:09","date_gmt":"2025-02-27T17:54:09","guid":{"rendered":"https:\/\/krishnamurtitextos.com.br\/?page_id=4793"},"modified":"2025-02-27T17:57:36","modified_gmt":"2025-02-27T17:57:36","slug":"18-2","status":"publish","type":"page","link":"https:\/\/krishnamurtitextos.com.br\/?page_id=4793","title":{"rendered":"18"},"content":{"rendered":"\t\t<div data-elementor-type=\"wp-page\" data-elementor-id=\"4793\" class=\"elementor elementor-4793\">\n\t\t\t\t\t\t<section class=\"elementor-section elementor-top-section elementor-element elementor-element-7b2cfda elementor-section-boxed elementor-section-height-default elementor-section-height-default\" data-id=\"7b2cfda\" data-element_type=\"section\" data-e-type=\"section\">\n\t\t\t\t\t\t<div class=\"elementor-container elementor-column-gap-default\">\n\t\t\t\t\t<div class=\"elementor-column elementor-col-100 elementor-top-column elementor-element elementor-element-e254ca6\" data-id=\"e254ca6\" data-element_type=\"column\" data-e-type=\"column\">\n\t\t\t<div class=\"elementor-widget-wrap elementor-element-populated\">\n\t\t\t\t\t\t<div class=\"elementor-element elementor-element-fb83259 elementor-widget elementor-widget-heading\" data-id=\"fb83259\" data-element_type=\"widget\" data-e-type=\"widget\" data-widget_type=\"heading.default\">\n\t\t\t\t<div class=\"elementor-widget-container\">\n\t\t\t\t\t<h2 class=\"elementor-heading-title elementor-size-default\">Segunda Palestra na Escola Vasanta Gardens, Auckland - 31\/03\/1934.<\/h2>\t\t\t\t<\/div>\n\t\t\t\t<\/div>\n\t\t\t\t<div class=\"elementor-element elementor-element-b577478 elementor-widget elementor-widget-text-editor\" data-id=\"b577478\" data-element_type=\"widget\" data-e-type=\"widget\" data-widget_type=\"text-editor.default\">\n\t\t\t\t<div class=\"elementor-widget-container\">\n\t\t\t\t\t\t\t\t\t<p><b>Pergunta<\/b>: Voc\u00ea acha que o m\u00e9todo da psican\u00e1lise, trazendo os movimentos da mente inconsciente para o conhecimento da consci\u00eancia, vai ajudar o indiv\u00edduo a libertar sua mente dos complexos e desejos primitivos e ego\u00edstas e assim permitir que seu pensamento o conduza \u00e0 felicidade de que voc\u00ea fala?<\/p><p><strong>Krishnamurti<\/strong>: Ou seja, a mente tem muitos complexos e a quest\u00e3o \u00e9 se voc\u00ea pode libert\u00e1-la atrav\u00e9s da\u00a0autoan\u00e1lise.\u00a0N\u00e3o \u00e9 esta a quest\u00e3o? A mente e o cora\u00e7\u00e3o t\u00eam muitos obst\u00e1culos, impedimentos que chamamos de complexos \u2013 inconscientes, ocultos. Podemos libert\u00e1-los, podemos arranc\u00e1-los atrav\u00e9s dos processos da\u00a0autoan\u00e1lise\u00a0e, assim, libertar a mente da vis\u00e3o ego\u00edsta e limitada?<\/p><p>Receio que voc\u00ea ter\u00e1 que acompanhar um pouco cuidadosamente, porque pode ser a primeira vez que voc\u00ea ouviu isso e voc\u00ea pode achar que \u00e9 bastante complicado, mas n\u00e3o \u00e9. Para mim, a mente pode ser livre desses impedimentos apenas em plena consci\u00eancia, quando todo o seu ser est\u00e1 ativo, consciente. Agora, no processo de autoan\u00e1lise, todo o seu ser n\u00e3o est\u00e1 funcionando, somente a parte de voc\u00ea chamada mente, pensamento, intelecto. Com essa parte da mente voc\u00ea est\u00e1 tentando descobrir os complexos ocultos, ao passo que eu digo, voc\u00ea s\u00f3 pode trazer todos esses obst\u00e1culos ocultos \u00e0 plena a\u00e7\u00e3o consciente quando estiver totalmente consciente no presente.<\/p><p>Vou coloc\u00e1-lo de forma diferente. Agora suponha que voc\u00ea tenha o complexo de esnobismo. A maioria das pessoas tem. Como voc\u00ea vai descobrir? Para descobrir, segundo entendo, n\u00e3o \u00e9 por este processo de autoan\u00e1lise, isto \u00e9, olhar intelectualmente para as a\u00e7\u00f5es que acontecem e assim descobrir essa ideia de esnobismo. Primeiro de tudo, voc\u00ea quer descobrir se voc\u00ea \u00e9 um esnobe ou n\u00e3o. Voc\u00ea n\u00e3o quer mud\u00e1-lo, mas descobri-lo, n\u00e3o \u00e9 assim? Espere um minuto, por favor. Apenas siga isso. Quando voc\u00ea descobrir isso, ent\u00e3o voc\u00ea vai agir de uma forma ou de outra. Primeiro de tudo, voc\u00ea tem que descobrir se voc\u00ea \u00e9 um esnobe, ent\u00e3o como voc\u00ea vai descobrir isso? Somente quando voc\u00ea est\u00e1 plenamente consciente, completamente atento ao que voc\u00ea est\u00e1 dizendo e sentindo no momento de dizer e sentir \u2013 n\u00e3o depois de ter dito e sentido. N\u00e3o \u00e9 isso ent\u00e3o? Ou seja, se voc\u00ea est\u00e1 plenamente consciente do que voc\u00ea est\u00e1 dizendo e do que voc\u00ea est\u00e1 pensando, ent\u00e3o, nessa plena consci\u00eancia voc\u00ea vai descobrir por si mesmo se voc\u00ea \u00e9 um esnobe ou n\u00e3o, n\u00e3o por se sentar e intelectualmente analisar um evento. Eu sei que existem in\u00fameras quest\u00f5es decorrentes disso, mas n\u00e3o posso responder a todas. Mas, se voc\u00ea pensar sobre isso, vai ver que por esta forma de estar continuamente alerta, plenamente consciente do que voc\u00ea est\u00e1 fazendo, voc\u00ea vai trazer o inconsciente, oculto, \u00e0 plena consci\u00eancia, e assim voc\u00ea criar\u00e1 a perturba\u00e7\u00e3o que \u00e9 necess\u00e1ria, e por essa perturba\u00e7\u00e3o vai libertar a mente desse complexo, desse obst\u00e1culo.<\/p>\t\t\t\t\t\t\t\t<\/div>\n\t\t\t\t<\/div>\n\t\t\t\t\t<\/div>\n\t\t<\/div>\n\t\t\t\t\t<\/div>\n\t\t<\/section>\n\t\t\t\t<\/div>\n\t\t","protected":false},"excerpt":{"rendered":"<p>Segunda Palestra na Escola Vasanta Gardens, Auckland &#8211; 31\/03\/1934. Pergunta: Voc\u00ea acha que o m\u00e9todo da psican\u00e1lise, trazendo os movimentos da mente inconsciente para o conhecimento da consci\u00eancia, vai ajudar o indiv\u00edduo a libertar sua mente dos complexos e desejos primitivos e ego\u00edstas e assim permitir que seu pensamento o conduza \u00e0 felicidade de que [&hellip;]<\/p>\n","protected":false},"author":1,"featured_media":0,"parent":0,"menu_order":0,"comment_status":"closed","ping_status":"closed","template":"","meta":{"footnotes":""},"class_list":["post-4793","page","type-page","status-publish","hentry","entry"],"_links":{"self":[{"href":"https:\/\/krishnamurtitextos.com.br\/index.php?rest_route=\/wp\/v2\/pages\/4793","targetHints":{"allow":["GET"]}}],"collection":[{"href":"https:\/\/krishnamurtitextos.com.br\/index.php?rest_route=\/wp\/v2\/pages"}],"about":[{"href":"https:\/\/krishnamurtitextos.com.br\/index.php?rest_route=\/wp\/v2\/types\/page"}],"author":[{"embeddable":true,"href":"https:\/\/krishnamurtitextos.com.br\/index.php?rest_route=\/wp\/v2\/users\/1"}],"replies":[{"embeddable":true,"href":"https:\/\/krishnamurtitextos.com.br\/index.php?rest_route=%2Fwp%2Fv2%2Fcomments&post=4793"}],"version-history":[{"count":4,"href":"https:\/\/krishnamurtitextos.com.br\/index.php?rest_route=\/wp\/v2\/pages\/4793\/revisions"}],"predecessor-version":[{"id":4797,"href":"https:\/\/krishnamurtitextos.com.br\/index.php?rest_route=\/wp\/v2\/pages\/4793\/revisions\/4797"}],"wp:attachment":[{"href":"https:\/\/krishnamurtitextos.com.br\/index.php?rest_route=%2Fwp%2Fv2%2Fmedia&parent=4793"}],"curies":[{"name":"wp","href":"https:\/\/api.w.org\/{rel}","templated":true}]}}