{"id":4763,"date":"2025-02-27T17:35:03","date_gmt":"2025-02-27T17:35:03","guid":{"rendered":"https:\/\/krishnamurtitextos.com.br\/?page_id=4763"},"modified":"2025-02-27T17:36:32","modified_gmt":"2025-02-27T17:36:32","slug":"14-2","status":"publish","type":"page","link":"https:\/\/krishnamurtitextos.com.br\/?page_id=4763","title":{"rendered":"14"},"content":{"rendered":"\t\t<div data-elementor-type=\"wp-page\" data-elementor-id=\"4763\" class=\"elementor elementor-4763\">\n\t\t\t\t\t\t<section class=\"elementor-section elementor-top-section elementor-element elementor-element-851592f elementor-section-boxed elementor-section-height-default elementor-section-height-default\" data-id=\"851592f\" data-element_type=\"section\" data-e-type=\"section\">\n\t\t\t\t\t\t<div class=\"elementor-container elementor-column-gap-default\">\n\t\t\t\t\t<div class=\"elementor-column elementor-col-100 elementor-top-column elementor-element elementor-element-0450e7c\" data-id=\"0450e7c\" data-element_type=\"column\" data-e-type=\"column\">\n\t\t\t<div class=\"elementor-widget-wrap elementor-element-populated\">\n\t\t\t\t\t\t<div class=\"elementor-element elementor-element-7d8c213 elementor-widget elementor-widget-heading\" data-id=\"7d8c213\" data-element_type=\"widget\" data-e-type=\"widget\" data-widget_type=\"heading.default\">\n\t\t\t\t<div class=\"elementor-widget-container\">\n\t\t\t\t\t<h2 class=\"elementor-heading-title elementor-size-default\">Frognerseteren, Noruega \u2013  10 de setembro de 1933.<\/h2>\t\t\t\t<\/div>\n\t\t\t\t<\/div>\n\t\t\t\t\t<\/div>\n\t\t<\/div>\n\t\t\t\t\t<\/div>\n\t\t<\/section>\n\t\t\t\t<section class=\"elementor-section elementor-top-section elementor-element elementor-element-65f1cbf elementor-section-boxed elementor-section-height-default elementor-section-height-default\" data-id=\"65f1cbf\" data-element_type=\"section\" data-e-type=\"section\">\n\t\t\t\t\t\t<div class=\"elementor-container elementor-column-gap-default\">\n\t\t\t\t\t<div class=\"elementor-column elementor-col-100 elementor-top-column elementor-element elementor-element-3550b65\" data-id=\"3550b65\" data-element_type=\"column\" data-e-type=\"column\">\n\t\t\t<div class=\"elementor-widget-wrap elementor-element-populated\">\n\t\t\t\t\t\t<div class=\"elementor-element elementor-element-1bb522c elementor-widget elementor-widget-text-editor\" data-id=\"1bb522c\" data-element_type=\"widget\" data-e-type=\"widget\" data-widget_type=\"text-editor.default\">\n\t\t\t\t<div class=\"elementor-widget-container\">\n\t\t\t\t\t\t\t\t\t<p><strong>Pergunta<\/strong>: Acha que a comunica\u00e7\u00e3o com os esp\u00edritos dos mortos \u00e9 uma ajuda para a compreens\u00e3o da vida na sua totalidade?<\/p><p><strong>Krishnamurti<\/strong>: Porque deveria pensar que os mortos s\u00e3o mais prest\u00e1veis que os vivos? Porque os mortos n\u00e3o o podem contradizer, n\u00e3o se lhe podem opor, ao passo que os vivos podem. Na comunica\u00e7\u00e3o com os mortos voc\u00ea pode ser fantasista; por isso conta mais com os mortos que com os vivos para o ajudarem. Para mim, a quest\u00e3o n\u00e3o \u00e9 se h\u00e1 vida para al\u00e9m daquilo a que chamamos morte; para mim, tudo isso \u00e9 irrelevante. Algumas pessoas dizem que se pode comunicar com os esp\u00edritos dos mortos; outras, que n\u00e3o se pode. Para mim, a discuss\u00e3o parece de muito pouco valor; porque para compreender a vida com as suas velozes deambula\u00e7\u00f5es, com a sua sabedoria, n\u00e3o pode contar com outros para que o libertem das ilus\u00f5es que voc\u00ea criou. Nem os mortos nem os vivos o podem libertar das suas ilus\u00f5es. S\u00f3 no interesse desperto pela vida, na constante vigil\u00e2ncia da mente e do cora\u00e7\u00e3o, existe o viver harmonioso, existe a realiza\u00e7\u00e3o, a riqueza da vida.<\/p>\t\t\t\t\t\t\t\t<\/div>\n\t\t\t\t<\/div>\n\t\t\t\t\t<\/div>\n\t\t<\/div>\n\t\t\t\t\t<\/div>\n\t\t<\/section>\n\t\t\t\t<\/div>\n\t\t","protected":false},"excerpt":{"rendered":"<p>Frognerseteren, Noruega \u2013 10 de setembro de 1933. Pergunta: Acha que a comunica\u00e7\u00e3o com os esp\u00edritos dos mortos \u00e9 uma ajuda para a compreens\u00e3o da vida na sua totalidade? Krishnamurti: Porque deveria pensar que os mortos s\u00e3o mais prest\u00e1veis que os vivos? Porque os mortos n\u00e3o o podem contradizer, n\u00e3o se lhe podem opor, ao [&hellip;]<\/p>\n","protected":false},"author":1,"featured_media":0,"parent":0,"menu_order":0,"comment_status":"closed","ping_status":"closed","template":"","meta":{"footnotes":""},"class_list":["post-4763","page","type-page","status-publish","hentry","entry"],"_links":{"self":[{"href":"https:\/\/krishnamurtitextos.com.br\/index.php?rest_route=\/wp\/v2\/pages\/4763","targetHints":{"allow":["GET"]}}],"collection":[{"href":"https:\/\/krishnamurtitextos.com.br\/index.php?rest_route=\/wp\/v2\/pages"}],"about":[{"href":"https:\/\/krishnamurtitextos.com.br\/index.php?rest_route=\/wp\/v2\/types\/page"}],"author":[{"embeddable":true,"href":"https:\/\/krishnamurtitextos.com.br\/index.php?rest_route=\/wp\/v2\/users\/1"}],"replies":[{"embeddable":true,"href":"https:\/\/krishnamurtitextos.com.br\/index.php?rest_route=%2Fwp%2Fv2%2Fcomments&post=4763"}],"version-history":[{"count":4,"href":"https:\/\/krishnamurtitextos.com.br\/index.php?rest_route=\/wp\/v2\/pages\/4763\/revisions"}],"predecessor-version":[{"id":4767,"href":"https:\/\/krishnamurtitextos.com.br\/index.php?rest_route=\/wp\/v2\/pages\/4763\/revisions\/4767"}],"wp:attachment":[{"href":"https:\/\/krishnamurtitextos.com.br\/index.php?rest_route=%2Fwp%2Fv2%2Fmedia&parent=4763"}],"curies":[{"name":"wp","href":"https:\/\/api.w.org\/{rel}","templated":true}]}}