{"id":4658,"date":"2025-02-27T14:27:27","date_gmt":"2025-02-27T14:27:27","guid":{"rendered":"https:\/\/krishnamurtitextos.com.br\/?page_id=4658"},"modified":"2025-02-27T14:29:23","modified_gmt":"2025-02-27T14:29:23","slug":"04-2","status":"publish","type":"page","link":"https:\/\/krishnamurtitextos.com.br\/?page_id=4658","title":{"rendered":"04"},"content":{"rendered":"\t\t<div data-elementor-type=\"wp-page\" data-elementor-id=\"4658\" class=\"elementor elementor-4658\">\n\t\t\t\t\t\t<section class=\"elementor-section elementor-top-section elementor-element elementor-element-f57e704 elementor-section-boxed elementor-section-height-default elementor-section-height-default\" data-id=\"f57e704\" data-element_type=\"section\" data-e-type=\"section\">\n\t\t\t\t\t\t<div class=\"elementor-container elementor-column-gap-default\">\n\t\t\t\t\t<div class=\"elementor-column elementor-col-100 elementor-top-column elementor-element elementor-element-f2e9092\" data-id=\"f2e9092\" data-element_type=\"column\" data-e-type=\"column\">\n\t\t\t<div class=\"elementor-widget-wrap elementor-element-populated\">\n\t\t\t\t\t\t<div class=\"elementor-element elementor-element-5feb276 elementor-widget elementor-widget-heading\" data-id=\"5feb276\" data-element_type=\"widget\" data-e-type=\"widget\" data-widget_type=\"heading.default\">\n\t\t\t\t<div class=\"elementor-widget-container\">\n\t\t\t\t\t<h2 class=\"elementor-heading-title elementor-size-default\">Stresa, It\u00e1lia \u2013 2\u00aa palestra 8 de julho, 1933.<\/h2>\t\t\t\t<\/div>\n\t\t\t\t<\/div>\n\t\t\t\t\t<\/div>\n\t\t<\/div>\n\t\t\t\t\t<\/div>\n\t\t<\/section>\n\t\t\t\t<section class=\"elementor-section elementor-top-section elementor-element elementor-element-1cc8a8b elementor-section-boxed elementor-section-height-default elementor-section-height-default\" data-id=\"1cc8a8b\" data-element_type=\"section\" data-e-type=\"section\">\n\t\t\t\t\t\t<div class=\"elementor-container elementor-column-gap-default\">\n\t\t\t\t\t<div class=\"elementor-column elementor-col-100 elementor-top-column elementor-element elementor-element-3976def\" data-id=\"3976def\" data-element_type=\"column\" data-e-type=\"column\">\n\t\t\t<div class=\"elementor-widget-wrap elementor-element-populated\">\n\t\t\t\t\t\t<div class=\"elementor-element elementor-element-8c49baf elementor-widget elementor-widget-text-editor\" data-id=\"8c49baf\" data-element_type=\"widget\" data-e-type=\"widget\" data-widget_type=\"text-editor.default\">\n\t\t\t\t<div class=\"elementor-widget-container\">\n\t\t\t\t\t\t\t\t\t<p align=\"JUSTIFY\"><strong>\u00a0Pergunta<\/strong>: Foi dito que \u00e9 a manifesta\u00e7\u00e3o de Cristo nos nossos tempos. Que tem a dizer sobre isto? Se \u00e9 verdade, porque n\u00e3o fala de amor e compaix\u00e3o?<\/p><p align=\"JUSTIFY\"><strong>\u00a0Krishnamurti<\/strong>: Meus amigos, por que fazem tal pergunta? Porque perguntam se sou a manifesta\u00e7\u00e3o de Cristo? Perguntam porque querem que lhes assegure que sou ou n\u00e3o o Cristo, para que possam julgar o que digo de acordo com o padr\u00e3o que t\u00eam. H\u00e1 duas raz\u00f5es pelas quais fazem essa pergunta: pensam que sabem o que \u00e9 o Cristo, e por isso dizem, \u201cAgirei de acordo\u201d; ou, se eu disser que sou o Cristo, ent\u00e3o pensam que o que digo deve ser verdade. N\u00e3o estou a fugir \u00e0 quest\u00e3o, mas n\u00e3o lhes vou dizer quem sou. Isso \u00e9 de muito pouca import\u00e2ncia, e, al\u00e9m disso, como podem saber o que ou quem sou mesmo que eu lhes diga? Tal especula\u00e7\u00e3o carece de import\u00e2ncia. Portanto n\u00e3o nos preocupemos sobre quem sou, mas olhemos para a raz\u00e3o da vossa pergunta.<\/p><p align=\"JUSTIFY\">Querem saber quem eu sou porque est\u00e3o indecisos sobre voc\u00eas pr\u00f3prios. N\u00e3o estou a dizer se sou ou n\u00e3o o Cristo. N\u00e3o lhes estou a dar uma resposta categ\u00f3rica, porque para mim a pergunta n\u00e3o \u00e9 importante. O que \u00e9 importante \u00e9 se o que eu estou a dizer \u00e9 verdade, e isto n\u00e3o depende do que eu sou. \u00c9 algo que s\u00f3 poder\u00e3o descobrir ao libertarem-se de preconceitos e padr\u00f5es. N\u00e3o podem obter verdadeira liberdade de preconceitos olhando para uma autoridade, trabalhando para um fim, no entanto \u00e9 isso que est\u00e3o a fazer; sub-repticiamente, perseverantemente, est\u00e3o a procurar uma autoridade, e nessa busca n\u00e3o est\u00e3o sen\u00e3o a transformar-se em m\u00e1quinas imitativas.<\/p><p align=\"JUSTIFY\">Perguntam porque n\u00e3o falo de amor, de compaix\u00e3o. Fala a flor do seu perfume? Ela simplesmente \u00e9. J\u00e1 falei do amor; mas para mim o importante n\u00e3o \u00e9 discutir o que \u00e9 o amor ou a compaix\u00e3o, mas libertar a mente de todas as limita\u00e7\u00f5es a que chamamos egotismo, autoconsci\u00eancia; ent\u00e3o saber\u00e3o sem perguntar, sem discuss\u00e3o. Questionam-me agora porque pensam que depois podem agir em conformidade com o que descobrem de mim, que ter\u00e3o uma autoridade para a vossa a\u00e7\u00e3o.<\/p><p align=\"JUSTIFY\">Portanto digo novamente, a verdadeira quest\u00e3o n\u00e3o \u00e9 porque n\u00e3o falo sobre o amor e a compaix\u00e3o, mas antes, o que impede a vida natural e harmoniosa do homem, a plenitude de a\u00e7\u00e3o que \u00e9 amor. Falei sobre as muitas barreiras que impedem a nossa vida natural, e expliquei que tal vida n\u00e3o significa a\u00e7\u00e3o instintiva e ca\u00f3tica, mas sim vida rica e plena. A vida rica e natural tem sido impedida atrav\u00e9s de s\u00e9culos de conformidade, atrav\u00e9s de s\u00e9culos do que chamamos educa\u00e7\u00e3o, que n\u00e3o tem sido mais que um processo de produ\u00e7\u00e3o de tantas m\u00e1quinas humanas. Mas quando compreendem a causa destes impedimentos e barreiras que criaram para voc\u00eas mesmos atrav\u00e9s do medo na vossa procura de seguran\u00e7a, ent\u00e3o tornam-se livres deles; ent\u00e3o h\u00e1 amor. Mas esta \u00e9 uma compreens\u00e3o que n\u00e3o pode ser discutida. N\u00e3o discutimos sobre a luz do sol. Est\u00e1 a\u00ed; sentimos o seu calor e apercebemo-nos da sua beleza penetrante. Somente quando o sol se esconde \u00e9 que discutimos sobre a sua luz. Da mesma forma acontece com o amor e a compaix\u00e3o.<\/p>\t\t\t\t\t\t\t\t<\/div>\n\t\t\t\t<\/div>\n\t\t\t\t\t<\/div>\n\t\t<\/div>\n\t\t\t\t\t<\/div>\n\t\t<\/section>\n\t\t\t\t<\/div>\n\t\t","protected":false},"excerpt":{"rendered":"<p>Stresa, It\u00e1lia \u2013 2\u00aa palestra 8 de julho, 1933. \u00a0Pergunta: Foi dito que \u00e9 a manifesta\u00e7\u00e3o de Cristo nos nossos tempos. Que tem a dizer sobre isto? Se \u00e9 verdade, porque n\u00e3o fala de amor e compaix\u00e3o? \u00a0Krishnamurti: Meus amigos, por que fazem tal pergunta? Porque perguntam se sou a manifesta\u00e7\u00e3o de Cristo? Perguntam porque [&hellip;]<\/p>\n","protected":false},"author":1,"featured_media":0,"parent":0,"menu_order":0,"comment_status":"closed","ping_status":"closed","template":"","meta":{"footnotes":""},"class_list":["post-4658","page","type-page","status-publish","hentry","entry"],"_links":{"self":[{"href":"https:\/\/krishnamurtitextos.com.br\/index.php?rest_route=\/wp\/v2\/pages\/4658","targetHints":{"allow":["GET"]}}],"collection":[{"href":"https:\/\/krishnamurtitextos.com.br\/index.php?rest_route=\/wp\/v2\/pages"}],"about":[{"href":"https:\/\/krishnamurtitextos.com.br\/index.php?rest_route=\/wp\/v2\/types\/page"}],"author":[{"embeddable":true,"href":"https:\/\/krishnamurtitextos.com.br\/index.php?rest_route=\/wp\/v2\/users\/1"}],"replies":[{"embeddable":true,"href":"https:\/\/krishnamurtitextos.com.br\/index.php?rest_route=%2Fwp%2Fv2%2Fcomments&post=4658"}],"version-history":[{"count":4,"href":"https:\/\/krishnamurtitextos.com.br\/index.php?rest_route=\/wp\/v2\/pages\/4658\/revisions"}],"predecessor-version":[{"id":4662,"href":"https:\/\/krishnamurtitextos.com.br\/index.php?rest_route=\/wp\/v2\/pages\/4658\/revisions\/4662"}],"wp:attachment":[{"href":"https:\/\/krishnamurtitextos.com.br\/index.php?rest_route=%2Fwp%2Fv2%2Fmedia&parent=4658"}],"curies":[{"name":"wp","href":"https:\/\/api.w.org\/{rel}","templated":true}]}}