{"id":4631,"date":"2025-02-27T14:04:12","date_gmt":"2025-02-27T14:04:12","guid":{"rendered":"https:\/\/krishnamurtitextos.com.br\/?page_id=4631"},"modified":"2025-05-13T13:01:23","modified_gmt":"2025-05-13T13:01:23","slug":"01-2","status":"publish","type":"page","link":"https:\/\/krishnamurtitextos.com.br\/?page_id=4631","title":{"rendered":"01"},"content":{"rendered":"\t\t<div data-elementor-type=\"wp-page\" data-elementor-id=\"4631\" class=\"elementor elementor-4631\">\n\t\t\t\t\t\t<section class=\"elementor-section elementor-top-section elementor-element elementor-element-12199d2 elementor-section-boxed elementor-section-height-default elementor-section-height-default\" data-id=\"12199d2\" data-element_type=\"section\" data-e-type=\"section\">\n\t\t\t\t\t\t<div class=\"elementor-container elementor-column-gap-default\">\n\t\t\t\t\t<div class=\"elementor-column elementor-col-100 elementor-top-column elementor-element elementor-element-a8b85f9\" data-id=\"a8b85f9\" data-element_type=\"column\" data-e-type=\"column\">\n\t\t\t<div class=\"elementor-widget-wrap elementor-element-populated\">\n\t\t\t\t\t\t<div class=\"elementor-element elementor-element-d40da19 elementor-widget elementor-widget-heading\" data-id=\"d40da19\" data-element_type=\"widget\" data-e-type=\"widget\" data-widget_type=\"heading.default\">\n\t\t\t\t<div class=\"elementor-widget-container\">\n\t\t\t\t\t<h2 class=\"elementor-heading-title elementor-size-default\">Alpino, It\u00e1lia \u2013 2\u00aa palestra 4 de julho, 1933.<\/h2>\t\t\t\t<\/div>\n\t\t\t\t<\/div>\n\t\t\t\t\t<\/div>\n\t\t<\/div>\n\t\t\t\t\t<\/div>\n\t\t<\/section>\n\t\t\t\t<section class=\"elementor-section elementor-top-section elementor-element elementor-element-4600784 elementor-section-boxed elementor-section-height-default elementor-section-height-default\" data-id=\"4600784\" data-element_type=\"section\" data-e-type=\"section\">\n\t\t\t\t\t\t<div class=\"elementor-container elementor-column-gap-default\">\n\t\t\t\t\t<div class=\"elementor-column elementor-col-100 elementor-top-column elementor-element elementor-element-f897b4d\" data-id=\"f897b4d\" data-element_type=\"column\" data-e-type=\"column\">\n\t\t\t<div class=\"elementor-widget-wrap elementor-element-populated\">\n\t\t\t\t\t\t<div class=\"elementor-element elementor-element-d532251 elementor-widget elementor-widget-text-editor\" data-id=\"d532251\" data-element_type=\"widget\" data-e-type=\"widget\" data-widget_type=\"text-editor.default\">\n\t\t\t\t<div class=\"elementor-widget-container\">\n\t\t\t\t\t\t\t\t\t<p align=\"JUSTIFY\"><strong>\u00a0 \u00a0 \u00a0 \u00a0Pergunta<\/strong>: <span style=\"color: #3366ff;\">O Senhor diz que ningu\u00e9m pode ajudar ningu\u00e9m. Porque \u00e9, ent\u00e3o, que anda por todo o mundo a dirigir-se \u00e0s pessoas?<\/span><\/p><p align=\"JUSTIFY\"><strong>\u00a0\u00a0\u00a0\u00a0 Krishnamurti<\/strong>: Ser\u00e1 que essa pergunta necessita de resposta? Significa muito se o compreenderem. Sabem, a maior parte de n\u00f3s quer adquirir sabedoria ou verdade atrav\u00e9s de outros, atrav\u00e9s de alguma ag\u00eancia exterior. Ningu\u00e9m o pode converter num artista; somente voc\u00ea pr\u00f3prio pode faz\u00ea-lo. \u00c9 isto que quero dizer: Eu posso dar-lhe tintas, pinc\u00e9is e telas, mas voc\u00ea pr\u00f3prio ter\u00e1 que se tornar o artista, o pintor. Eu n\u00e3o posso convert\u00ea-lo num. Nas vossas tentativas para se tornarem espirituais, a maior parte de voc\u00eas procura professores, salvadores, mas eu afirmo que ningu\u00e9m no mundo pode libert\u00e1-los do conflito da dor. Algu\u00e9m lhes poder\u00e1 dar os materiais, as ferramentas, mas ningu\u00e9m lhes pode dar aquela chama da vida criativa.<\/p><p align=\"JUSTIFY\">Sabem, n\u00f3s pensamos em termos de t\u00e9cnica, mas a t\u00e9cnica n\u00e3o vem primeiro, Primeiro voc\u00ea tem que ter a chama do desejo, e ent\u00e3o seguir-se-\u00e1 a t\u00e9cnica. \u201cMas\u201d, dir\u00e1 voc\u00ea, \u201cdeixem-me aprender. Se me ensinarem a t\u00e9cnica de pintura, ent\u00e3o serei capaz de pintar\u201d. Existem muitos livros que descrevem a t\u00e9cnica de pintura, mas aprender apenas a t\u00e9cnica n\u00e3o o tornar\u00e1 num artista criativo. Somente quando voc\u00ea estiver s\u00f3, sem t\u00e9cnica, sem mestres, s\u00f3 ent\u00e3o poder\u00e1 encontrar a verdade.<\/p><p align=\"JUSTIFY\">Compreendamos isto em primeiro lugar. Voc\u00eas est\u00e3o agora a basear as vossas ideias na conformidade. Voc\u00eas pensam que existe um padr\u00e3o, um caminho, pelo qual podem encontrar a verdade; mas se examinarem, descobrir\u00e3o que n\u00e3o existe caminho algum que leve \u00e0 verdade. Para ser conduzido \u00e0 verdade, voc\u00ea deve saber o que \u00e9 a verdade, e o seu l\u00edder deve saber o que ela \u00e9. N\u00e3o \u00e9 assim? Eu digo que um homem que ensina a verdade poder\u00e1 t\u00ea-la, mas se ele se oferece para o conduzir e voc\u00ea \u00e9 conduzido, ent\u00e3o ambos est\u00e3o iludidos. Como pode voc\u00ea conhecer a verdade se ainda est\u00e1 detido pela ilus\u00e3o? Se a verdade estiver l\u00e1, ela expressar-se-\u00e1. Um grande poeta tem o desejo, a chama da escrita criativa, e escreve. Se voc\u00ea tiver o desejo, aprender\u00e1 a t\u00e9cnica.<\/p><p align=\"JUSTIFY\">Eu sinto que ningu\u00e9m pode conduzir algu\u00e9m \u00e0 verdade, porque a verdade \u00e9 infinita; \u00e9 uma terra sem caminhos, e ningu\u00e9m lhes pode dizer como encontr\u00e1-la. Ningu\u00e9m pode ensin\u00e1-los a ser artistas; os outros s\u00f3 lhes podem dar os pinc\u00e9is e as telas e mostrar-lhes as cores a usar: Ningu\u00e9m me ensinou, asseguro-lhes, nem aprendi o que digo dos livros. Mas observei, lutei, tentei descobrir. \u00c9 somente quando se est\u00e1 absolutamente nu, livre de todas as t\u00e9cnicas, de todos os professores, que se descobre.<\/p>\t\t\t\t\t\t\t\t<\/div>\n\t\t\t\t<\/div>\n\t\t\t\t\t<\/div>\n\t\t<\/div>\n\t\t\t\t\t<\/div>\n\t\t<\/section>\n\t\t\t\t<\/div>\n\t\t","protected":false},"excerpt":{"rendered":"<p>Alpino, It\u00e1lia \u2013 2\u00aa palestra 4 de julho, 1933. \u00a0 \u00a0 \u00a0 \u00a0Pergunta: O Senhor diz que ningu\u00e9m pode ajudar ningu\u00e9m. Porque \u00e9, ent\u00e3o, que anda por todo o mundo a dirigir-se \u00e0s pessoas? \u00a0\u00a0\u00a0\u00a0 Krishnamurti: Ser\u00e1 que essa pergunta necessita de resposta? Significa muito se o compreenderem. Sabem, a maior parte de n\u00f3s quer [&hellip;]<\/p>\n","protected":false},"author":1,"featured_media":0,"parent":0,"menu_order":0,"comment_status":"closed","ping_status":"closed","template":"","meta":{"footnotes":""},"class_list":["post-4631","page","type-page","status-publish","hentry","entry"],"_links":{"self":[{"href":"https:\/\/krishnamurtitextos.com.br\/index.php?rest_route=\/wp\/v2\/pages\/4631","targetHints":{"allow":["GET"]}}],"collection":[{"href":"https:\/\/krishnamurtitextos.com.br\/index.php?rest_route=\/wp\/v2\/pages"}],"about":[{"href":"https:\/\/krishnamurtitextos.com.br\/index.php?rest_route=\/wp\/v2\/types\/page"}],"author":[{"embeddable":true,"href":"https:\/\/krishnamurtitextos.com.br\/index.php?rest_route=\/wp\/v2\/users\/1"}],"replies":[{"embeddable":true,"href":"https:\/\/krishnamurtitextos.com.br\/index.php?rest_route=%2Fwp%2Fv2%2Fcomments&post=4631"}],"version-history":[{"count":10,"href":"https:\/\/krishnamurtitextos.com.br\/index.php?rest_route=\/wp\/v2\/pages\/4631\/revisions"}],"predecessor-version":[{"id":4929,"href":"https:\/\/krishnamurtitextos.com.br\/index.php?rest_route=\/wp\/v2\/pages\/4631\/revisions\/4929"}],"wp:attachment":[{"href":"https:\/\/krishnamurtitextos.com.br\/index.php?rest_route=%2Fwp%2Fv2%2Fmedia&parent=4631"}],"curies":[{"name":"wp","href":"https:\/\/api.w.org\/{rel}","templated":true}]}}