{"id":4614,"date":"2025-02-27T13:44:38","date_gmt":"2025-02-27T13:44:38","guid":{"rendered":"https:\/\/krishnamurtitextos.com.br\/?page_id=4614"},"modified":"2025-05-10T14:08:50","modified_gmt":"2025-05-10T14:08:50","slug":"perguntas-e-respostas","status":"publish","type":"page","link":"https:\/\/krishnamurtitextos.com.br\/?page_id=4614","title":{"rendered":"Perguntas e respostas"},"content":{"rendered":"\t\t<div data-elementor-type=\"wp-page\" data-elementor-id=\"4614\" class=\"elementor elementor-4614\">\n\t\t\t\t\t\t<section class=\"elementor-section elementor-top-section elementor-element elementor-element-76351f7 elementor-section-boxed elementor-section-height-default elementor-section-height-default\" data-id=\"76351f7\" data-element_type=\"section\" data-e-type=\"section\">\n\t\t\t\t\t\t<div class=\"elementor-container elementor-column-gap-default\">\n\t\t\t\t\t<div class=\"elementor-column elementor-col-100 elementor-top-column elementor-element elementor-element-07b9221\" data-id=\"07b9221\" data-element_type=\"column\" data-e-type=\"column\">\n\t\t\t<div class=\"elementor-widget-wrap elementor-element-populated\">\n\t\t\t\t\t\t<div class=\"elementor-element elementor-element-0973907 elementor-widget elementor-widget-text-editor\" data-id=\"0973907\" data-element_type=\"widget\" data-e-type=\"widget\" data-widget_type=\"text-editor.default\">\n\t\t\t\t<div class=\"elementor-widget-container\">\n\t\t\t\t\t\t\t\t\t<p style=\"text-align: center;\"><span style=\"color: #000000;\">Para acessar, clique no link , ser\u00e1 aberto um texto onde ser\u00e1 poss\u00edvel encontrar a pergunta.\u00a0<\/span><\/p><p><span style=\"color: #0000ff;\"><a style=\"color: #0000ff;\" title=\"04\/07\/1933 \u2013\u00a0T\" href=\"https:\/\/krishnamurtitextos.com.br\/?page_id=4631\">1\u00a0 &#8211; O Senhor diz que ningu\u00e9m pode ajudar ningu\u00e9m. Porque \u00e9, ent\u00e3o, que anda por todo o mundo a dirigir-se \u00e0s pessoas?<\/a><\/span><\/p><p><span style=\"color: #0000ff;\"><a style=\"color: #0000ff;\" title=\"06\/07\/1933 \u2013\u00a0T\" href=\"https:\/\/krishnamurtitextos.com.br\/?page_id=4642\">2\u00a0 &#8211; Como podemos educar uma crian\u00e7a sem disciplina?<\/a><\/span><\/p><p><span style=\"color: #0000ff;\"><a style=\"color: #0000ff;\" title=\"08\/07\/1933 \u2013\u00a0T\" href=\"https:\/\/krishnamurtitextos.com.br\/?page_id=4650\">3\u00a0 &#8211; O senhor nunca viveu a vida de um homem pobre; sempre teve a seguran\u00e7a invis\u00edvel dos seus amigos ricos. Fala da absoluta abdica\u00e7\u00e3o de qualquer tipo de seguran\u00e7a na vida, mas milh\u00f5es de pessoas vivem sem essa seguran\u00e7a. O senhor diz que uma pessoa n\u00e3o se pode aperceber do que n\u00e3o experimentou; consequentemente, o senhor n\u00e3o pode saber o que a pobreza e a inseguran\u00e7a f\u00edsica realmente s\u00e3o.<\/a><\/span><\/p><p><span style=\"color: #0000ff;\"><a style=\"color: #0000ff;\" title=\"08\/07\/1933 \u2013\u00a0T\" href=\"https:\/\/krishnamurtitextos.com.br\/?page_id=4658\">4\u00a0 &#8211; Foi dito que \u00e9 a manifesta\u00e7\u00e3o de Cristo nos nossos tempos. Que tem a dizer sobre isto? Se \u00e9 verdade, porque n\u00e3o fala de amor e compaix\u00e3o?<\/a><\/span><\/p><p><span style=\"color: #0000ff;\"><a style=\"color: #0000ff;\" title=\"08\/07\/1933 \u2013\u00a0T\" href=\"https:\/\/krishnamurtitextos.com.br\/?page_id=4675\">5\u00a0 &#8211; Nunca nos deu uma concep\u00e7\u00e3o clara do mist\u00e9rio da morte e da vida ap\u00f3s a morte, contudo fala constantemente de imortalidade. Sem d\u00favida que acredita na vida ap\u00f3s a morte?<\/a><\/span><\/p><p><span style=\"color: #0000ff;\"><a style=\"color: #0000ff;\" title=\"08\/07\/1933 \u2013\u00a0T\" href=\"https:\/\/krishnamurtitextos.com.br\/?page_id=4686\">6\u00a0 &#8211; Quais s\u00e3o as causas dos desentendimentos que nos levam a colocar-lhe quest\u00f5es em vez de agir e viver?<\/a><\/span><\/p><p><span style=\"color: #0000ff;\"><a style=\"color: #0000ff;\" title=\"05\/09\/1933 \u2013\u00a0T\" href=\"https:\/\/krishnamurtitextos.com.br\/?page_id=4700\">7\u00a0 &#8211; O senhor diz que os seus ensinamentos s\u00e3o para todos, n\u00e3o para uma seleta minoria. Se assim \u00e9, porque \u00e9 que achamos dif\u00edcil compreend\u00ea-lo?<\/a><\/span><\/p><p><span style=\"color: #0000ff;\"><a style=\"color: #0000ff;\" title=\"05\/09\/1933 \u2013\u00a0T\" href=\"https:\/\/krishnamurtitextos.com.br\/?page_id=4707\">8\u00a0 &#8211; O senhor diz que a verdade \u00e9 simples. Para n\u00f3s, o que diz parece-nos muito abstrato. Qual \u00e9 a rela\u00e7\u00e3o pr\u00e1tica, segundo o senhor, entre a verdade e a vida real?<\/a><\/span><\/p><p><span style=\"color: #0000ff;\"><a style=\"color: #0000ff;\" title=\"05\/09\/1933 \u2013\u00a0T\" href=\"https:\/\/krishnamurtitextos.com.br\/?page_id=4715\">9\u00a0 &#8211; Quer dizer que n\u00e3o h\u00e1 qualquer ajuda para os homens quando a vida se torna dif\u00edcil? Que eles ficam inteiramente entregues a si pr\u00f3prios para se ajudarem?<\/a><\/span><\/p><p><span style=\"color: #0000ff;\"><a style=\"color: #0000ff;\" title=\"06\/09\/1933 \u2013\u00a0T\" href=\"https:\/\/krishnamurtitextos.com.br\/?page_id=4726\">10 &#8211; Quer dizer que mais cedo ou mais tarde todos os seres humanos, inevitavelmente, no decurso da exist\u00eancia, alcan\u00e7ar\u00e3o a perfei\u00e7\u00e3o, a liberta\u00e7\u00e3o completa de tudo o que os domina? Se assim \u00e9, porqu\u00ea fazer qualquer esfor\u00e7o agora?<\/a><\/span><\/p><p><span style=\"color: #0000ff;\"><a style=\"color: #0000ff;\" title=\"06\/09\/1933 \u2013\u00a0T\" href=\"https:\/\/krishnamurtitextos.com.br\/?page_id=4734\">11 &#8211; Fala muitas vezes da necessidade de compreendermos as nossas experi\u00eancias. Poderia por favor explicar o que quer dizer com compreender uma experi\u00eancia da maneira correta?<\/a><\/span><\/p><p><span style=\"color: #0000ff;\"><a style=\"color: #0000ff;\" title=\"08\/09\/1933 \u2013\u00a0T\" href=\"https:\/\/krishnamurtitextos.com.br\/?page_id=4743\">12 &#8211; No outro dia falou da mem\u00f3ria como um impedimento \u00e0 verdadeira compreens\u00e3o. Tive recentemente a infelicidade de perder o meu irm\u00e3o. Deveria tentar esquecer essa perda?<\/a><\/span><\/p><p><span style=\"color: #0000ff;\"><a style=\"color: #0000ff;\" title=\"09\/09\/1933 \u2013\u00a0T\" href=\"https:\/\/krishnamurtitextos.com.br\/?page_id=4751\">13 &#8211; Disse que a mem\u00f3ria representa uma experi\u00eancia que n\u00e3o foi compreendida. Isso significa que as nossas experi\u00eancias n\u00e3o t\u00eam qualquer utilidade para n\u00f3s? E porque \u00e9 que uma experi\u00eancia totalmente compreendida n\u00e3o deixa mem\u00f3ria?<\/a><\/span><\/p><p><span style=\"color: #0000ff;\"><a style=\"color: #0000ff;\" title=\"10\/09\/1933 \u2013\u00a0T\" href=\"https:\/\/krishnamurtitextos.com.br\/?page_id=4763\">14 &#8211; Acha que a comunica\u00e7\u00e3o com os esp\u00edritos dos mortos \u00e9 uma ajuda para a compreens\u00e3o da vida na sua totalidade?<\/a><\/span><\/p><p><span style=\"color: #0000ff;\"><a style=\"color: #0000ff;\" title=\"10\/09\/1933 \u2013\u00a0T\" href=\"https:\/\/krishnamurtitextos.com.br\/?page_id=4771\">15 &#8211; Por favor explique o que quer dizer com imortalidade. A imortalidade \u00e9 t\u00e3o real para si como o ch\u00e3o que pisamos, ou \u00e9 apenas uma ideia sublime?<\/a><\/span><\/p><p><span style=\"color: #0000ff;\"><a style=\"color: #0000ff;\" title=\"01\/01\/1934 \u2013\u00a0T\" href=\"https:\/\/krishnamurtitextos.com.br\/?page_id=4777\">16 &#8211; Quais s\u00e3o as regras e princ\u00edpios da sua vida? Uma vez que, presumivelmente, est\u00e3o baseados na sua pr\u00f3pria ideia de amor, beleza, verdade, e Deus, qual \u00e9 essa ideia?<\/a><\/span><\/p><p><span style=\"color: #0000ff;\"><a style=\"color: #0000ff;\" title=\"03\/01\/1934 \u2013\u00a0T\" href=\"https:\/\/krishnamurtitextos.com.br\/?page_id=4785\">17 &#8211; Qual \u00e9 o rumo mais s\u00e1bio a tomar \u2013 proteger e dar abrigo aos ignorantes pelo conselho e orienta\u00e7\u00e3o, ou deix\u00e1-los descobrir atrav\u00e9s da sua pr\u00f3pria experi\u00eancia e sofrimento, mesmo embora lhes possa levar uma vida inteira a libertarem-se dos efeitos de tal experi\u00eancia e sofrimento?<\/a><\/span><\/p><p><span style=\"color: #0000ff;\"><a style=\"color: #0000ff;\" title=\"31\/03\/1934 \u2013\u00a0T\" href=\"https:\/\/krishnamurtitextos.com.br\/?page_id=4793\">18 &#8211; Voc\u00ea acha que o m\u00e9todo da psican\u00e1lise, trazendo os movimentos da mente inconsciente para o conhecimento da consci\u00eancia, vai ajudar o indiv\u00edduo a libertar sua mente dos complexos e desejos primitivos e ego\u00edstas e assim permitir que seu pensamento o conduza \u00e0 felicidade de que voc\u00ea fala?<\/a><\/span><\/p><p><span style=\"color: #0000ff;\"><a style=\"color: #0000ff;\" title=\"31\/03\/1934 \u2013\u00a0T\" href=\"https:\/\/krishnamurtitextos.com.br\/?page_id=4801\">19 &#8211; Voc\u00ea n\u00e3o acredita na posse ou na explora\u00e7\u00e3o, mas sem um ou outro como voc\u00ea poderia viajar ou dar uma palestra para o mundo?<\/a><\/span><\/p><p><span style=\"color: #0000ff;\"><a style=\"color: #0000ff;\" title=\"01\/04\/1934 \u2013\u00a0T\" href=\"https:\/\/krishnamurtitextos.com.br\/?page_id=4810\">20 -O que \u00e9 espiritualidade?<\/a><\/span><\/p><p><span style=\"color: #0000ff;\"><a style=\"color: #0000ff;\" title=\"02\/04\/1934 \u2013\u00a0T\" href=\"https:\/\/krishnamurtitextos.com.br\/?page_id=4818\">21 &#8211; O que \u00e9 esse estado de aten\u00e7\u00e3o do qual voc\u00ea fala? Poderia explic\u00e1-lo um pouco mais detalhadamente?<\/a><\/span><\/p><p><span style=\"color: #0000ff;\"><a style=\"color: #0000ff;\" title=\"06\/04\/1934 \u2013\u00a0T\" href=\"https:\/\/krishnamurtitextos.com.br\/?page_id=4826\">22 &#8211; Voc\u00ea pode nos dizer como voc\u00ea chegou nesse grau de compreens\u00e3o?<\/a><\/span><\/p><p><span style=\"color: #0000ff;\"><a style=\"color: #0000ff;\" title=\"06\/04\/1934 \u2013\u00a0T\" href=\"https:\/\/krishnamurtitextos.com.br\/?page_id=4834\">23 &#8211; Voc\u00ea acha <span style=\"color: #0000ff;\">que os sistemas sociais do mundo ir\u00e3o evoluir para um estado de fraternidade global, ou ser\u00e1 trazida por meio de institui\u00e7\u00f5es parlamentares,\u00a0 pela educa\u00e7\u00e3o?<\/span><\/a><\/span><\/p><p><span style=\"color: #0000ff;\"><a style=\"color: #0000ff;\" title=\"29\/06\/1934 \u2013\u00a0T\" href=\"https:\/\/krishnamurtitextos.com.br\/?page_id=4842\">24 &#8211; Eu tenho tido a impress\u00e3o que estou colocando as suas ideias em a\u00e7\u00e3o; mas eu n\u00e3o tenho alegria em viver, nenhum entusiasmo para nenhuma busca. Minhas tentativas de conscientiza\u00e7\u00e3o n\u00e3o esclareceram a minha confus\u00e3o, e nem trouxeram alguma mudan\u00e7a ou vitalidade para a minha vida. Minha vida n\u00e3o tem mais o significado para mim agora como tinha quando comecei a ouvi-lo, h\u00e1 sete anos. O que h\u00e1 de errado comigo?<\/a><\/span><\/p><p><span style=\"color: #0000ff;\"><a style=\"color: #0000ff;\" title=\"24\/04\/1935 \u2013\u00a0T\" href=\"https:\/\/krishnamurtitextos.com.br\/?page_id=4850\">25 &#8211; Voc\u00ea \u00e9 contra a institui\u00e7\u00e3o da fam\u00edlia?<\/a><\/span><\/p><p><span style=\"color: #0000ff;\"><a style=\"color: #0000ff;\" title=\"10\/05\/1935 \u2013\u00a0T\" href=\"https:\/\/krishnamurtitextos.com.br\/?page_id=4856\">26 &#8211; Deus existe?<\/a><\/span><\/p><p><span style=\"color: #0000ff;\"><a style=\"color: #0000ff;\" title=\"26\/06\/1935 \u2013\u00a0T\" href=\"https:\/\/krishnamurtitextos.com.br\/?page_id=4864\">27 &#8211; Voc\u00ea acredita que um homem de baixa cultura, oprimido, ganhando um sal\u00e1rio miser\u00e1vel, com esposa e filhos para sustentar pode se salvar espiritualmente e economicamente sem ajuda e orienta\u00e7\u00e3o?<\/a><\/span><\/p><p><span style=\"color: #0000ff;\"><a style=\"color: #0000ff;\" title=\"06\/07\/1935 \u2013\u00a0T\" href=\"https:\/\/krishnamurtitextos.com.br\/?page_id=4871\">28 &#8211; Qual seria o real prop\u00f3sito da educa\u00e7\u00e3o?<\/a><\/span><\/p><p><span style=\"color: #0000ff;\"><a style=\"color: #0000ff;\" title=\"19\/07\/1935 \u2013\u00a0T\" href=\"https:\/\/krishnamurtitextos.com.br\/?page_id=4879\">29 &#8211; Se voc\u00ea\u00a0 renunciou a posses, dinheiro, propriedades, como voc\u00ea diz que fez, o que pensa da comiss\u00e3o que organiza sua viagem e vende seus livros no mesmo teatro onde voc\u00ea faz palestras? Voc\u00ea n\u00e3o est\u00e1 tamb\u00e9m explorando e sendo explorado?<\/a><\/span><\/p><p><span style=\"color: #0000ff;\"><a style=\"color: #0000ff;\" title=\"19\/07\/1935 \u2013\u00a0T\" href=\"https:\/\/krishnamurtitextos.com.br\/?page_id=4884\">30 &#8211; Voc\u00ea nos promete um novo para\u00edso na terra, mas ele \u00e9 inalcan\u00e7\u00e1vel. Voc\u00ea n\u00e3o acha que precisamos de solu\u00e7\u00f5es imediatas, e n\u00e3o de esperan\u00e7as long\u00ednquas? O comunismo universal n\u00e3o seria a solu\u00e7\u00e3o imediata?<\/a><\/span><\/p>\t\t\t\t\t\t\t\t<\/div>\n\t\t\t\t<\/div>\n\t\t\t\t\t<\/div>\n\t\t<\/div>\n\t\t\t\t\t<\/div>\n\t\t<\/section>\n\t\t\t\t<\/div>\n\t\t","protected":false},"excerpt":{"rendered":"<p>Para acessar, clique no link , ser\u00e1 aberto um texto onde ser\u00e1 poss\u00edvel encontrar a pergunta.\u00a0 1\u00a0 &#8211; O Senhor diz que ningu\u00e9m pode ajudar ningu\u00e9m. Porque \u00e9, ent\u00e3o, que anda por todo o mundo a dirigir-se \u00e0s pessoas? 2\u00a0 &#8211; Como podemos educar uma crian\u00e7a sem disciplina? 3\u00a0 &#8211; O senhor nunca viveu a [&hellip;]<\/p>\n","protected":false},"author":1,"featured_media":0,"parent":0,"menu_order":0,"comment_status":"closed","ping_status":"closed","template":"","meta":{"footnotes":""},"class_list":["post-4614","page","type-page","status-publish","hentry","entry"],"_links":{"self":[{"href":"https:\/\/krishnamurtitextos.com.br\/index.php?rest_route=\/wp\/v2\/pages\/4614","targetHints":{"allow":["GET"]}}],"collection":[{"href":"https:\/\/krishnamurtitextos.com.br\/index.php?rest_route=\/wp\/v2\/pages"}],"about":[{"href":"https:\/\/krishnamurtitextos.com.br\/index.php?rest_route=\/wp\/v2\/types\/page"}],"author":[{"embeddable":true,"href":"https:\/\/krishnamurtitextos.com.br\/index.php?rest_route=\/wp\/v2\/users\/1"}],"replies":[{"embeddable":true,"href":"https:\/\/krishnamurtitextos.com.br\/index.php?rest_route=%2Fwp%2Fv2%2Fcomments&post=4614"}],"version-history":[{"count":115,"href":"https:\/\/krishnamurtitextos.com.br\/index.php?rest_route=\/wp\/v2\/pages\/4614\/revisions"}],"predecessor-version":[{"id":4923,"href":"https:\/\/krishnamurtitextos.com.br\/index.php?rest_route=\/wp\/v2\/pages\/4614\/revisions\/4923"}],"wp:attachment":[{"href":"https:\/\/krishnamurtitextos.com.br\/index.php?rest_route=%2Fwp%2Fv2%2Fmedia&parent=4614"}],"curies":[{"name":"wp","href":"https:\/\/api.w.org\/{rel}","templated":true}]}}