{"id":4598,"date":"2025-02-27T11:50:42","date_gmt":"2025-02-27T11:50:42","guid":{"rendered":"https:\/\/krishnamurtitextos.com.br\/?page_id=4598"},"modified":"2025-02-27T11:53:25","modified_gmt":"2025-02-27T11:53:25","slug":"experiencia","status":"publish","type":"page","link":"https:\/\/krishnamurtitextos.com.br\/?page_id=4598","title":{"rendered":"Experi\u00eancia"},"content":{"rendered":"\t\t<div data-elementor-type=\"wp-page\" data-elementor-id=\"4598\" class=\"elementor elementor-4598\">\n\t\t\t\t\t\t<section class=\"elementor-section elementor-top-section elementor-element elementor-element-2764120 elementor-section-boxed elementor-section-height-default elementor-section-height-default\" data-id=\"2764120\" data-element_type=\"section\" data-e-type=\"section\">\n\t\t\t\t\t\t<div class=\"elementor-container elementor-column-gap-default\">\n\t\t\t\t\t<div class=\"elementor-column elementor-col-100 elementor-top-column elementor-element elementor-element-81c3a4b\" data-id=\"81c3a4b\" data-element_type=\"column\" data-e-type=\"column\">\n\t\t\t<div class=\"elementor-widget-wrap elementor-element-populated\">\n\t\t\t\t\t\t<div class=\"elementor-element elementor-element-7cf7423 elementor-widget elementor-widget-text-editor\" data-id=\"7cf7423\" data-element_type=\"widget\" data-e-type=\"widget\" data-widget_type=\"text-editor.default\">\n\t\t\t\t<div class=\"elementor-widget-container\">\n\t\t\t\t\t\t\t\t\t<p>\u00a0<\/p><p style=\"text-align: center;\"><span class=\"TextRun SCXW262968056 BCX0\" lang=\"PT-BR\" xml:lang=\"PT-BR\" data-contrast=\"none\"><span class=\"NormalTextRun SCXW262968056 BCX0\" data-ccp-parastyle=\"Normal (Web)\">Trechos da palestra do dia 25 de agosto de 1935<\/span><\/span><\/p><p><span data-contrast=\"none\">O que acontece quando existe experi\u00eancia? Ela deixa uma marca na mente, que chamamos mem\u00f3ria. Com essa cicatriz, com essa mem\u00f3ria, encontramos a pr\u00f3xima experi\u00eancia, e dessa experi\u00eancia reunimos mais mem\u00f3ria, aumentando a cicatriz. Cada experi\u00eancia deixa sua marca na mente. Ora, estas camadas coletivas de mem\u00f3rias se baseiam, essencialmente, no desejo de proteger a si mesmo do sofrimento. Ou seja, voc\u00ea chega \u00e0 experi\u00eancia j\u00e1 preparado, j\u00e1 protegido por suas mem\u00f3rias passadas. Voc\u00ea n\u00e3o est\u00e1, realmente, vivendo completamente nessa experi\u00eancia, mas est\u00e1 meramente aprendendo como proteger-se contra ela, contra a vida. A experi\u00eancia se torna sem valor para o homem que a usa meramente como meio de mais autodefesa contra a vida. Mas se voc\u00ea vive uma experi\u00eancia totalmente, integralmente, sem este desejo de autoprote\u00e7\u00e3o, ent\u00e3o isto n\u00e3o destr\u00f3i o discernimento, e revela as grandes alturas e profundezas da vida.<\/span><span data-ccp-props=\"{&quot;134233117&quot;:false,&quot;134233118&quot;:false,&quot;201341983&quot;:0,&quot;335551550&quot;:6,&quot;335551620&quot;:6,&quot;335557856&quot;:16777215,&quot;335559685&quot;:-993,&quot;335559737&quot;:-994,&quot;335559738&quot;:0,&quot;335559739&quot;:300,&quot;335559740&quot;:240}\">\u00a0<\/span><\/p><p><span data-contrast=\"none\">Ora, usar a experi\u00eancia como meio de avan\u00e7ar, ou seja, aumentar os muros de autoprote\u00e7\u00e3o \u00e9, geralmente, chamado de evolu\u00e7\u00e3o. Voc\u00ea pensa que pelo tempo esta mem\u00f3ria, esta grava\u00e7\u00e3o auto protetora, pode alcan\u00e7ar a verdade ou a perfei\u00e7\u00e3o ou Deus. N\u00e3o pode. A verdadeira experi\u00eancia \u00e9 o rompimento daqueles muros auto protetores e libertar a mente, a consci\u00eancia, daquelas cicatrizes que impedem o discernimento, a realiza\u00e7\u00e3o.<\/span><span data-ccp-props=\"{&quot;134233117&quot;:false,&quot;134233118&quot;:false,&quot;201341983&quot;:0,&quot;335551550&quot;:6,&quot;335551620&quot;:6,&quot;335557856&quot;:16777215,&quot;335559685&quot;:-993,&quot;335559737&quot;:-994,&quot;335559738&quot;:0,&quot;335559739&quot;:300,&quot;335559740&quot;:240}\">\u00a0<\/span><\/p><p><span data-ccp-props=\"{&quot;134233117&quot;:false,&quot;134233118&quot;:false,&quot;201341983&quot;:0,&quot;335551550&quot;:6,&quot;335551620&quot;:6,&quot;335557856&quot;:16777215,&quot;335559685&quot;:-993,&quot;335559737&quot;:-994,&quot;335559738&quot;:0,&quot;335559739&quot;:300,&quot;335559740&quot;:240}\">\u00a0<\/span><\/p><p style=\"text-align: center;\"><span data-contrast=\"none\">&#8212;&#8212;&#8212;&#8212;&#8212;&#8212;&#8212;&#8212;&#8212;&#8212;&#8212;&#8212;&#8212;&#8212;<\/span><span data-ccp-props=\"{&quot;134233117&quot;:false,&quot;134233118&quot;:false,&quot;201341983&quot;:0,&quot;335551550&quot;:6,&quot;335551620&quot;:6,&quot;335557856&quot;:16777215,&quot;335559685&quot;:-993,&quot;335559737&quot;:-994,&quot;335559738&quot;:0,&quot;335559739&quot;:300,&quot;335559740&quot;:240}\">\u00a0<\/span><\/p><p style=\"text-align: center;\"><span data-contrast=\"none\">Livro &#8211; A quest\u00e3o do imposs\u00edvel<\/span><span data-ccp-props=\"{&quot;134233117&quot;:false,&quot;134233118&quot;:false,&quot;201341983&quot;:0,&quot;335551550&quot;:6,&quot;335551620&quot;:6,&quot;335557856&quot;:16777215,&quot;335559685&quot;:-993,&quot;335559737&quot;:-994,&quot;335559738&quot;:0,&quot;335559739&quot;:300,&quot;335559740&quot;:240}\">\u00a0<\/span><\/p><p><span data-contrast=\"auto\">INTERROGANTE: Podemos aprender pela experi\u00eancia?<\/span><span data-ccp-props=\"{&quot;201341983&quot;:0,&quot;335559740&quot;:276}\">\u00a0<\/span><\/p><p><span data-contrast=\"auto\">KRISHNAMURTI: De modo algum. Aprender requer liberdade, curiosidade, investiga\u00e7\u00e3o. Quando uma crian\u00e7a aprende uma coisa, torna-se curiosa a respeito dela, deseja saber; \u00e9 um movimento livre, e n\u00e3o um movimento de haver adquirido e mover-se a partir dessa aquisi\u00e7\u00e3o. Temos inumer\u00e1veis experi\u00eancias; j\u00e1 tivemos cinco mil anos de guerras. N\u00e3o aprendemos nada com elas, a n\u00e3o ser inventar m\u00e1quinas mais mort\u00edferas com as quais matamos uns aos outros.\u00a0<\/span><span data-ccp-props=\"{&quot;201341983&quot;:0,&quot;335559740&quot;:276}\">\u00a0<\/span><\/p><p><span data-contrast=\"auto\">Tivemos muitas experi\u00eancias com nossos amigos, com nossas esposas, com nossos maridos, com nossa na\u00e7\u00e3o &#8211; n\u00e3o aprendemos. A aprendizagem, de fato, s\u00f3 pode ocorrer quando h\u00e1 liberdade da experi\u00eancia. Quando voc\u00ea descobre algo novo, sua mente deve estar livre do antigo, obviamente. Por esta raz\u00e3o, a medita\u00e7\u00e3o \u00e9 o esvaziamento da mente do conhecido como experi\u00eancia; porque a verdade n\u00e3o \u00e9 algo que voc\u00ea inventa, \u00e9 algo totalmente novo, n\u00e3o \u00e9 em termos do passado \u2018conhecido\u2019. Sua novidade n\u00e3o \u00e9 o oposto da antiga; \u00e9 algo incrivelmente novo: uma mente que chega a isso com experi\u00eancia n\u00e3o pode v\u00ea-lo.\u00a0\u00a0\u00a0\u00a0\u00a0\u00a0\u00a0\u00a0\u00a0\u00a0\u00a0\u00a0\u00a0\u00a0\u00a0\u00a0\u00a0\u00a0\u00a0\u00a0\u00a0\u00a0\u00a0\u00a0\u00a0\u00a0\u00a0\u00a0\u00a0\u00a0\u00a0\u00a0\u00a0\u00a0\u00a0\u00a0\u00a0\u00a0\u00a0\u00a0\u00a0\u00a0\u00a0\u00a0\u00a0\u00a0\u00a0\u00a0\u00a0\u00a0\u00a0\u00a0\u00a0\u00a0\u00a0\u00a0\u00a0\u00a0\u00a0\u00a0\u00a0\u00a0\u00a0\u00a0\u00a0\u00a0\u00a0\u00a0\u00a0\u00a0\u00a0\u00a0\u00a0\u00a0\u00a0\u00a0\u00a0\u00a0\u00a0\u00a0\u00a0\u00a0\u00a0\u00a0\u00a0\u00a0\u00a0\u00a0\u00a0\u00a0\u00a0\u00a0\u00a0\u00a0\u00a0\u00a0\u00a0\u00a0\u00a0\u00a0\u00a0\u00a0\u00a0\u00a0\u00a0\u00a0\u00a0\u00a0\u00a0\u00a0\u00a0\u00a0\u00a0\u00a0\u00a0\u00a0\u00a0\u00a0\u00a0\u00a0\u00a0\u00a0\u00a0\u00a0\u00a0\u00a0\u00a0\u00a0<\/span><span data-ccp-props=\"{&quot;201341983&quot;:0,&quot;335559740&quot;:276}\">\u00a0<\/span><\/p><p><span data-ccp-props=\"{&quot;134233117&quot;:false,&quot;134233118&quot;:false,&quot;201341983&quot;:0,&quot;335551550&quot;:6,&quot;335551620&quot;:6,&quot;335557856&quot;:16777215,&quot;335559685&quot;:-993,&quot;335559737&quot;:-994,&quot;335559738&quot;:0,&quot;335559739&quot;:300,&quot;335559740&quot;:240}\">\u00a0<\/span><\/p>\t\t\t\t\t\t\t\t<\/div>\n\t\t\t\t<\/div>\n\t\t\t\t\t<\/div>\n\t\t<\/div>\n\t\t\t\t\t<\/div>\n\t\t<\/section>\n\t\t\t\t<\/div>\n\t\t","protected":false},"excerpt":{"rendered":"<p>\u00a0 Trechos da palestra do dia 25 de agosto de 1935 O que acontece quando existe experi\u00eancia? Ela deixa uma marca na mente, que chamamos mem\u00f3ria. Com essa cicatriz, com essa mem\u00f3ria, encontramos a pr\u00f3xima experi\u00eancia, e dessa experi\u00eancia reunimos mais mem\u00f3ria, aumentando a cicatriz. Cada experi\u00eancia deixa sua marca na mente. Ora, estas camadas [&hellip;]<\/p>\n","protected":false},"author":1,"featured_media":0,"parent":0,"menu_order":0,"comment_status":"closed","ping_status":"closed","template":"","meta":{"footnotes":""},"class_list":["post-4598","page","type-page","status-publish","hentry","entry"],"_links":{"self":[{"href":"https:\/\/krishnamurtitextos.com.br\/index.php?rest_route=\/wp\/v2\/pages\/4598","targetHints":{"allow":["GET"]}}],"collection":[{"href":"https:\/\/krishnamurtitextos.com.br\/index.php?rest_route=\/wp\/v2\/pages"}],"about":[{"href":"https:\/\/krishnamurtitextos.com.br\/index.php?rest_route=\/wp\/v2\/types\/page"}],"author":[{"embeddable":true,"href":"https:\/\/krishnamurtitextos.com.br\/index.php?rest_route=\/wp\/v2\/users\/1"}],"replies":[{"embeddable":true,"href":"https:\/\/krishnamurtitextos.com.br\/index.php?rest_route=%2Fwp%2Fv2%2Fcomments&post=4598"}],"version-history":[{"count":4,"href":"https:\/\/krishnamurtitextos.com.br\/index.php?rest_route=\/wp\/v2\/pages\/4598\/revisions"}],"predecessor-version":[{"id":4602,"href":"https:\/\/krishnamurtitextos.com.br\/index.php?rest_route=\/wp\/v2\/pages\/4598\/revisions\/4602"}],"wp:attachment":[{"href":"https:\/\/krishnamurtitextos.com.br\/index.php?rest_route=%2Fwp%2Fv2%2Fmedia&parent=4598"}],"curies":[{"name":"wp","href":"https:\/\/api.w.org\/{rel}","templated":true}]}}