{"id":3522,"date":"2023-05-08T22:14:01","date_gmt":"2023-05-08T22:14:01","guid":{"rendered":"https:\/\/krishnamurtitextos.com.br\/?page_id=3522"},"modified":"2025-03-10T19:24:35","modified_gmt":"2025-03-10T19:24:35","slug":"analise","status":"publish","type":"page","link":"https:\/\/krishnamurtitextos.com.br\/?page_id=3522","title":{"rendered":"An\u00e1lise"},"content":{"rendered":"\t\t<div data-elementor-type=\"wp-page\" data-elementor-id=\"3522\" class=\"elementor elementor-3522\">\n\t\t\t\t\t\t<section class=\"elementor-section elementor-top-section elementor-element elementor-element-5ed3c85 elementor-section-boxed elementor-section-height-default elementor-section-height-default\" data-id=\"5ed3c85\" data-element_type=\"section\" data-e-type=\"section\">\n\t\t\t\t\t\t<div class=\"elementor-container elementor-column-gap-default\">\n\t\t\t\t\t<div class=\"elementor-column elementor-col-50 elementor-top-column elementor-element elementor-element-201a314\" data-id=\"201a314\" data-element_type=\"column\" data-e-type=\"column\">\n\t\t\t<div class=\"elementor-widget-wrap elementor-element-populated\">\n\t\t\t\t\t\t<div class=\"elementor-element elementor-element-0166818 elementor-widget elementor-widget-text-editor\" data-id=\"0166818\" data-element_type=\"widget\" data-e-type=\"widget\" data-widget_type=\"text-editor.default\">\n\t\t\t\t<div class=\"elementor-widget-container\">\n\t\t\t\t\t\t\t\t\t<p style=\"text-align: center;\"><strong><span class=\"TextRun SCXW204384587 BCX0\" lang=\"PT-BR\" xml:lang=\"PT-BR\" data-contrast=\"auto\"><span class=\"NormalTextRun SCXW204384587 BCX0\">Livro A quest\u00e3o do Imposs\u00edvel<\/span><\/span><\/strong><\/p><p><span data-contrast=\"auto\">Vamos descobrir\u00a0 o que significa analisar &#8211; o tentar descobrir a causa do conflito intelectualmente, verbalmente. Porque no mesmo instante em que voc\u00ea compreende o processo anal\u00edtico, no momento em que v\u00ea sua verdade ou falsidade, voc\u00ea ficar\u00e1 completamente livre dele, para sempre. Mas essa compreens\u00e3o significa que seus olhos, sua mente e seu cora\u00e7\u00e3o percebem de imediato a verdade desse processo. J\u00e1 nos habituamos a ele; estamos condicionados para dependermos da an\u00e1lise e das pressuposi\u00e7\u00f5es filos\u00f3ficas e psicol\u00f3gicas dos especialistas para procuramos compreender analiticamente, intelectualmente, o inteiro e complexo processo do viver. Com isso n\u00e3o queremos dizer o contr\u00e1rio: a sentimentalidade ou o emocionalismo. Mas se compreendermos com toda clareza a natureza e a estrutura do processo anal\u00edtico, teremos ent\u00e3o uma vis\u00e3o nova das coisas e poderemos dar uma dire\u00e7\u00e3o totalmente diferente \u00e0 energia que at\u00e9 agora foi aplicada \u00e0 an\u00e1lise.\u00a0\u00a0<\/span><span data-ccp-props=\"{&quot;201341983&quot;:0,&quot;335559739&quot;:160,&quot;335559740&quot;:276}\">\u00a0<\/span><\/p><p><span data-contrast=\"auto\">An\u00e1lise implica divis\u00e3o \u2013 o analista e a coisa a analisar. N\u00e3o importa se \u00e9 voc\u00ea mesmo que est\u00e1 se analisando, ou se \u00e9 um especialista &#8211; de qualquer forma, h\u00e1 divis\u00e3o e, portanto, j\u00e1 temos o in\u00edcio do conflito. S\u00f3 somos capazes de fazer coisas extraordin\u00e1rias quando h\u00e1 uma grande paix\u00e3o e, portanto, uma energia abundante; s\u00f3 essa paix\u00e3o pode criar uma vida totalmente diferente, em n\u00f3s mesmos e no mundo.\u00a0<\/span><span data-ccp-props=\"{&quot;201341983&quot;:0,&quot;335559739&quot;:160,&quot;335559740&quot;:276}\">\u00a0<\/span><\/p><p><span data-contrast=\"auto\">Dentre os numerosos fragmentos em que nos achamos divididos, um assume autoridade como analista; a coisa que ele vai analisar \u00e9 outro fragmento. Este analista se torna o censor; com seus conhecimentos acumulados ele avalia o bom e o mau, o certo e o errado, o que deve ou n\u00e3o ser reprimido, etc. De qualquer forma, o analista tem o dever de fazer an\u00e1lises completas, sen\u00e3o suas avalia\u00e7\u00f5es, suas conclus\u00f5es, ser\u00e3o parciais. O analista tem que examinar cada pensamento &#8211; tudo o que for necess\u00e1rio \u2013 e isso leva tempo. A pessoa pode passar a vida inteira analisando &#8211; se ela tem dinheiro ou se apaixona pelo analista, etc. Voc\u00ea pode passar a vida inteira analisando, e no fim, estar\u00e1 no mesmo lugar de onde saiu e com mais coisas a analisar.<\/span><span data-ccp-props=\"{&quot;201341983&quot;:0,&quot;335559739&quot;:160,&quot;335559740&quot;:276}\">\u00a0<\/span><\/p><p><span data-contrast=\"auto\">Ao ver a estrutura inteira da an\u00e1lise, esse ver, na realidade, \u00e9 uma nega\u00e7\u00e3o, uma rejei\u00e7\u00e3o dela; ver o que a an\u00e1lise implica \u00e9 a nega\u00e7\u00e3o dessa a\u00e7\u00e3o, ou seja, a\u00e7\u00e3o completa.<\/span><span data-ccp-props=\"{&quot;201341983&quot;:0,&quot;335559739&quot;:160,&quot;335559740&quot;:276}\">\u00a0<\/span><\/p>\t\t\t\t\t\t\t\t<\/div>\n\t\t\t\t<\/div>\n\t\t\t\t\t<\/div>\n\t\t<\/div>\n\t\t\t\t<div class=\"elementor-column elementor-col-50 elementor-top-column elementor-element elementor-element-1e9eab1\" data-id=\"1e9eab1\" data-element_type=\"column\" data-e-type=\"column\">\n\t\t\t<div class=\"elementor-widget-wrap elementor-element-populated\">\n\t\t\t\t\t\t<div class=\"elementor-element elementor-element-13790fe elementor-widget elementor-widget-text-editor\" data-id=\"13790fe\" data-element_type=\"widget\" data-e-type=\"widget\" data-widget_type=\"text-editor.default\">\n\t\t\t\t<div class=\"elementor-widget-container\">\n\t\t\t\t\t\t\t\t\t<p style=\"text-align: center;\"><strong><span class=\"TextRun Highlight SCXW200822396 BCX0\" lang=\"PT-BR\" xml:lang=\"PT-BR\" data-contrast=\"none\"><span class=\"NormalTextRun SCXW200822396 BCX0\">Trechos da palestra\u00a0 em Frognerseteren &#8211; 09\/09\/1933<\/span><\/span><\/strong><\/p><p><span class=\"TextRun Highlight SCXW81633162 BCX0\" lang=\"PT-BR\" xml:lang=\"PT-BR\" data-contrast=\"none\"><span class=\"NormalTextRun SCXW81633162 BCX0\">A sabedoria n\u00e3o \u00e9 uma an\u00e1lise. Voc\u00eas sofrem, e pela an\u00e1lise tentam encontrar a causa; isto \u00e9, est\u00e3o a analisar um evento morto, a causa que est\u00e1 j\u00e1 no passado. O que t\u00eam de fazer \u00e9 encontrar a causa do sofrimento no pr\u00f3prio momento do sofrimento. Analisando o sofrimento voc\u00eas n\u00e3o encontram a causa; analisam somente a causa de um ato em particular. Depois dizem, \u201cCompreendi a causa desse sofrimento.\u201d Mas na realidade somente aprenderam a evitar o sofrimento; n\u00e3o libertaram a vossa mente dele. Este processo de acumula\u00e7\u00e3o, de aprendizagem atrav\u00e9s da an\u00e1lise de um ato particular, n\u00e3o confere sabedoria. A sabedoria s\u00f3 surge quando a consci\u00eancia do \u201ceu que \u00e9 a criadora, a causa do sofrimento, \u00e9 dissolvida. Estou a tornar isto dif\u00edcil? Que acontece quando sofremos? Queremos al\u00edvio imediato, <\/span><span class=\"NormalTextRun SCXW81633162 BCX0\">e, portanto,<\/span><span class=\"NormalTextRun SCXW81633162 BCX0\"> aceitamos qualquer coisa que nos \u00e9 oferecida. Examinamo-lo superficialmente no momento, e dizemos que aprendemos. Quando essa droga se revela insuficiente no al\u00edvio que proporciona, tomamos outra, mas o sofrimento continua. N\u00e3o \u00e9 assim? Mas quando sofrem completamente, integralmente, n\u00e3o superficialmente, ent\u00e3o algo acontece; quando todas as avenidas de fuga que a mente inventou foram compreendidas e bloqueadas, somente permanece o sofrimento, e ent\u00e3o o compreender\u00e3o. N\u00e3o h\u00e1 cessa\u00e7\u00e3o atrav\u00e9s de uma droga intelectual. Conforme disse no outro dia, a vida para mim n\u00e3o \u00e9 um processo de aprendizagem; contudo tratamos a vida como se ela fosse apenas uma escola para aprender coisas, apenas um sofrimento para aprender; como se tudo servisse somente como um meio para qualquer outra coisa. Dizem que se puderem aprender a contemplar enfrentar\u00e3o a vida na \u00edntegra, ao passo que eu digo que se a vossa a\u00e7\u00e3o for <\/span><span class=\"NormalTextRun ContextualSpellingAndGrammarErrorV2Themed SCXW81633162 BCX0\">completa<\/span><span class=\"NormalTextRun SCXW81633162 BCX0\">, isto \u00e9, se a vossa mente e cora\u00e7\u00e3o estiverem em completa harmonia, ent\u00e3o essa mesma a\u00e7\u00e3o \u00e9 contempla\u00e7\u00e3o, \u00e9 sem esfor\u00e7o.<\/span><\/span><span class=\"EOP SCXW81633162 BCX0\" data-ccp-props=\"{&quot;201341983&quot;:0,&quot;335559685&quot;:-851,&quot;335559739&quot;:160,&quot;335559740&quot;:259}\">\u00a0<\/span><\/p>\t\t\t\t\t\t\t\t<\/div>\n\t\t\t\t<\/div>\n\t\t\t\t\t<\/div>\n\t\t<\/div>\n\t\t\t\t\t<\/div>\n\t\t<\/section>\n\t\t\t\t<\/div>\n\t\t","protected":false},"excerpt":{"rendered":"<p>Livro A quest\u00e3o do Imposs\u00edvel Vamos descobrir\u00a0 o que significa analisar &#8211; o tentar descobrir a causa do conflito intelectualmente, verbalmente. Porque no mesmo instante em que voc\u00ea compreende o processo anal\u00edtico, no momento em que v\u00ea sua verdade ou falsidade, voc\u00ea ficar\u00e1 completamente livre dele, para sempre. Mas essa compreens\u00e3o significa que seus olhos, [&hellip;]<\/p>\n","protected":false},"author":1,"featured_media":0,"parent":0,"menu_order":0,"comment_status":"closed","ping_status":"closed","template":"","meta":{"footnotes":""},"class_list":["post-3522","page","type-page","status-publish","hentry","entry"],"_links":{"self":[{"href":"https:\/\/krishnamurtitextos.com.br\/index.php?rest_route=\/wp\/v2\/pages\/3522","targetHints":{"allow":["GET"]}}],"collection":[{"href":"https:\/\/krishnamurtitextos.com.br\/index.php?rest_route=\/wp\/v2\/pages"}],"about":[{"href":"https:\/\/krishnamurtitextos.com.br\/index.php?rest_route=\/wp\/v2\/types\/page"}],"author":[{"embeddable":true,"href":"https:\/\/krishnamurtitextos.com.br\/index.php?rest_route=\/wp\/v2\/users\/1"}],"replies":[{"embeddable":true,"href":"https:\/\/krishnamurtitextos.com.br\/index.php?rest_route=%2Fwp%2Fv2%2Fcomments&post=3522"}],"version-history":[{"count":13,"href":"https:\/\/krishnamurtitextos.com.br\/index.php?rest_route=\/wp\/v2\/pages\/3522\/revisions"}],"predecessor-version":[{"id":4914,"href":"https:\/\/krishnamurtitextos.com.br\/index.php?rest_route=\/wp\/v2\/pages\/3522\/revisions\/4914"}],"wp:attachment":[{"href":"https:\/\/krishnamurtitextos.com.br\/index.php?rest_route=%2Fwp%2Fv2%2Fmedia&parent=3522"}],"curies":[{"name":"wp","href":"https:\/\/api.w.org\/{rel}","templated":true}]}}