{"id":3006,"date":"2022-12-28T17:26:52","date_gmt":"2022-12-28T17:26:52","guid":{"rendered":"https:\/\/krishnamurtitextos.com.br\/?page_id=3006"},"modified":"2022-12-28T17:33:19","modified_gmt":"2022-12-28T17:33:19","slug":"reencarncao","status":"publish","type":"page","link":"https:\/\/krishnamurtitextos.com.br\/?page_id=3006","title":{"rendered":"Reencarna\u00e7\u00e3o"},"content":{"rendered":"\t\t<div data-elementor-type=\"wp-page\" data-elementor-id=\"3006\" class=\"elementor elementor-3006\">\n\t\t\t\t\t\t<section class=\"elementor-section elementor-top-section elementor-element elementor-element-2c12da7 elementor-section-boxed elementor-section-height-default elementor-section-height-default\" data-id=\"2c12da7\" data-element_type=\"section\" data-e-type=\"section\">\n\t\t\t\t\t\t<div class=\"elementor-container elementor-column-gap-default\">\n\t\t\t\t\t<div class=\"elementor-column elementor-col-100 elementor-top-column elementor-element elementor-element-d2fbea2\" data-id=\"d2fbea2\" data-element_type=\"column\" data-e-type=\"column\">\n\t\t\t<div class=\"elementor-widget-wrap elementor-element-populated\">\n\t\t\t\t\t\t<div class=\"elementor-element elementor-element-fc7c53c elementor-widget elementor-widget-text-editor\" data-id=\"fc7c53c\" data-element_type=\"widget\" data-e-type=\"widget\" data-widget_type=\"text-editor.default\">\n\t\t\t\t<div class=\"elementor-widget-container\">\n\t\t\t\t\t\t\t\t\t<p style=\"text-align: center;\"><span data-contrast=\"none\">Trecho da palestra em 03 de janeiro de 1934<\/span><span data-ccp-props=\"{&quot;134233117&quot;:false,&quot;134233118&quot;:false,&quot;201341983&quot;:0,&quot;335551550&quot;:6,&quot;335551620&quot;:6,&quot;335559685&quot;:-851,&quot;335559737&quot;:-852,&quot;335559738&quot;:0,&quot;335559739&quot;:300,&quot;335559740&quot;:240}\">\u00a0<\/span><\/p><p><span data-contrast=\"none\">Tratei da quest\u00e3o da reencarna\u00e7\u00e3o tantas vezes que agora falarei dela apenas brevemente. Podem n\u00e3o considerar de nenhum modo o que digo; ou podem examin\u00e1-lo, conforme quiserem. Receio que o n\u00e3o considerem \u2013 embora isso n\u00e3o importe \u2013 porque est\u00e3o comprometidos com determinadas ideias, com determinadas organiza\u00e7\u00f5es, limitados pela autoridade, pelas tradi\u00e7\u00f5es.<\/span><span data-ccp-props=\"{&quot;134233117&quot;:false,&quot;134233118&quot;:false,&quot;201341983&quot;:0,&quot;335551550&quot;:6,&quot;335551620&quot;:6,&quot;335559685&quot;:-851,&quot;335559737&quot;:-852,&quot;335559738&quot;:0,&quot;335559739&quot;:300,&quot;335559740&quot;:240}\">\u00a0<\/span><\/p><p><span data-contrast=\"none\">Para mim, o ego, essa consci\u00eancia limitada, \u00e9 o resultado do conflito. Inerentemente n\u00e3o tem valor; \u00e9 uma ilus\u00e3o. Nasce atrav\u00e9s da falta de compreens\u00e3o que por sua vez cria conflito, e deste conflito cresce a autoconsci\u00eancia ou a consci\u00eancia limitada. N\u00e3o podem aperfei\u00e7oar essa autoconsci\u00eancia atrav\u00e9s do tempo; o tempo n\u00e3o liberta a mente dessa consci\u00eancia, Por favor n\u00e3o se enganem; o tempo n\u00e3o os libertar\u00e1 desta autoconsci\u00eancia, porque o tempo \u00e9 apenas a protela\u00e7\u00e3o da compreens\u00e3o. Quanto mais protelarem uma a\u00e7\u00e3o, menos a compreender\u00e3o. S\u00f3 est\u00e3o conscientes quando h\u00e1 conflito; e no \u00eaxtase, na verdadeira percep\u00e7\u00e3o, h\u00e1 a\u00e7\u00e3o espont\u00e2nea em que n\u00e3o h\u00e1 conflito. N\u00e3o est\u00e3o ent\u00e3o conscientes de voc\u00eas pr\u00f3prios como uma entidade, como o \u201ceu\u201d. Contudo desejam proteger essa acumula\u00e7\u00e3o de ignor\u00e2ncia a que chamam o \u201ceu\u201d, essa acumula\u00e7\u00e3o da qual brota a ideia de mais e mais, esse centro de desenvolvimento que n\u00e3o \u00e9 a vida, que \u00e9 apenas uma ilus\u00e3o. Portanto enquanto contam com o tempo para originar perfei\u00e7\u00e3o, a autoconsci\u00eancia apenas cresce. O tempo nunca os libertar\u00e1 dessa autoconsci\u00eancia, dessa consci\u00eancia limitada. O que libertar\u00e1 a mente \u00e9 a plenitude de compreens\u00e3o na a\u00e7\u00e3o; isto \u00e9, quando a vossa mente e cora\u00e7\u00e3o estiverem a atuar harmoniosamente, quando j\u00e1 n\u00e3o forem preconceituosos, acorrentados a uma cren\u00e7a, limitados por um dogma, pelo medo, pelos falsos valores, ent\u00e3o haver\u00e1 liberdade. E essa liberdade \u00e9 o \u00eaxtase da percep\u00e7\u00e3o.<\/span><span data-ccp-props=\"{&quot;134233117&quot;:false,&quot;134233118&quot;:false,&quot;201341983&quot;:0,&quot;335551550&quot;:6,&quot;335551620&quot;:6,&quot;335559685&quot;:-851,&quot;335559737&quot;:-852,&quot;335559738&quot;:0,&quot;335559739&quot;:300,&quot;335559740&quot;:240}\">\u00a0<\/span><\/p><p><span data-contrast=\"none\">Sabem, seria realmente de grande interesse se um de voc\u00eas que acredita t\u00e3o fundamentalmente na reencarna\u00e7\u00e3o discutisse o assunto comigo. Discuti-o com muitas pessoas, mas tudo o que elas s\u00e3o capazes de dizer \u00e9, \u201cN\u00f3s acreditamos na reencarna\u00e7\u00e3o, ela explica tantas coisas\u201d; e isso resolve a quest\u00e3o. N\u00e3o se pode discutir com pessoas que est\u00e3o convencidas das suas cren\u00e7as, que t\u00eam a certeza do seu conhecimento. Quando um homem diz que sabe, o assunto terminou; e voc\u00eas adoram o homem que diz, \u201cEu sei\u201d, porque a sua declara\u00e7\u00e3o positiva, a sua certeza, lhes d\u00e1 conforto, ref\u00fagio.<\/span><span data-ccp-props=\"{&quot;134233117&quot;:false,&quot;134233118&quot;:false,&quot;201341983&quot;:0,&quot;335551550&quot;:6,&quot;335551620&quot;:6,&quot;335559685&quot;:-851,&quot;335559737&quot;:-852,&quot;335559738&quot;:0,&quot;335559739&quot;:300,&quot;335559740&quot;:240}\">\u00a0<\/span><\/p><p><span data-contrast=\"none\">Se acreditam na reencarna\u00e7\u00e3o ou n\u00e3o me parece um assunto muito trivial; essa cren\u00e7a \u00e9 como um brinquedo, \u00e9 agrad\u00e1vel; n\u00e3o resolve coisa nenhuma, porque \u00e9 apenas uma protela\u00e7\u00e3o. \u00c9 apenas uma explica\u00e7\u00e3o, e as explica\u00e7\u00f5es s\u00e3o como a poeira para o homem que est\u00e1 \u00e0 procura. Mas infelizmente est\u00e3o sufocados com a poeira, t\u00eam explica\u00e7\u00f5es para tudo. Para cada sofrimento t\u00eam uma explica\u00e7\u00e3o l\u00f3gica, conveniente. Se um homem \u00e9 cego, tornam compreens\u00edvel o seu duro fado nesta vida pela reencarna\u00e7\u00e3o. As desigualdades na vida explicam-nas satisfatoriamente pela reencarna\u00e7\u00e3o, pela ideia de evolu\u00e7\u00e3o. Portanto, com as explica\u00e7\u00f5es, voc\u00eas resolveram as muitas quest\u00f5es respeitantes ao homem, e deixaram de viver. A plenitude da vida impede todas as explica\u00e7\u00f5es. Para o homem que est\u00e1 realmente a sofrer, as explica\u00e7\u00f5es s\u00e3o o mesmo que p\u00f3 e cinzas. Mas para o homem que procura conforto, as explica\u00e7\u00f5es s\u00e3o necess\u00e1rias e excelentes. N\u00e3o existe tal coisa como o conforto. Existe s\u00f3 compreens\u00e3o, e a compreens\u00e3o n\u00e3o est\u00e1 limitada por cren\u00e7as ou por certezas.<\/span><span data-ccp-props=\"{&quot;134233117&quot;:false,&quot;134233118&quot;:false,&quot;201341983&quot;:0,&quot;335551550&quot;:6,&quot;335551620&quot;:6,&quot;335559685&quot;:-851,&quot;335559737&quot;:-852,&quot;335559738&quot;:0,&quot;335559739&quot;:300,&quot;335559740&quot;:240}\">\u00a0<\/span><\/p><p><span data-contrast=\"none\">Voc\u00eas dizem, \u201cEu sei que a reencarna\u00e7\u00e3o \u00e9 verdade.\u201d Bem, e depois? A reencarna\u00e7\u00e3o, isto \u00e9, o processo de acumula\u00e7\u00e3o, de crescimento, de obten\u00e7\u00e3o, \u00e9 apenas o fardo do esfor\u00e7o, a continua\u00e7\u00e3o do esfor\u00e7o; e eu afirmo que h\u00e1 uma maneira de viver espontaneamente, sem esta luta constante, e essa \u00e9 pela compreens\u00e3o, que n\u00e3o \u00e9 o resultado da acumula\u00e7\u00e3o do desenvolvimento. Esta compreens\u00e3o, esta percep\u00e7\u00e3o, vem \u00e0quele que n\u00e3o est\u00e1 limitado pelo medo, pela autoconsci\u00eancia.<\/span><span data-ccp-props=\"{&quot;134233117&quot;:false,&quot;134233118&quot;:false,&quot;201341983&quot;:0,&quot;335551550&quot;:6,&quot;335551620&quot;:6,&quot;335559685&quot;:-851,&quot;335559737&quot;:-852,&quot;335559738&quot;:0,&quot;335559739&quot;:300,&quot;335559740&quot;:240}\">\u00a0<\/span><\/p>\t\t\t\t\t\t\t\t<\/div>\n\t\t\t\t<\/div>\n\t\t\t\t\t<\/div>\n\t\t<\/div>\n\t\t\t\t\t<\/div>\n\t\t<\/section>\n\t\t\t\t<section class=\"elementor-section elementor-top-section elementor-element elementor-element-e811f88 elementor-section-boxed elementor-section-height-default elementor-section-height-default\" data-id=\"e811f88\" data-element_type=\"section\" data-e-type=\"section\">\n\t\t\t\t\t\t<div class=\"elementor-container elementor-column-gap-default\">\n\t\t\t\t\t<div class=\"elementor-column elementor-col-100 elementor-top-column elementor-element elementor-element-5bfa4c9\" data-id=\"5bfa4c9\" data-element_type=\"column\" data-e-type=\"column\">\n\t\t\t<div class=\"elementor-widget-wrap elementor-element-populated\">\n\t\t\t\t\t\t<div class=\"elementor-element elementor-element-7a593e7 elementor-widget-divider--view-line elementor-widget elementor-widget-divider\" data-id=\"7a593e7\" data-element_type=\"widget\" data-e-type=\"widget\" data-widget_type=\"divider.default\">\n\t\t\t\t<div class=\"elementor-widget-container\">\n\t\t\t\t\t\t\t<div class=\"elementor-divider\">\n\t\t\t<span class=\"elementor-divider-separator\">\n\t\t\t\t\t\t<\/span>\n\t\t<\/div>\n\t\t\t\t\t\t<\/div>\n\t\t\t\t<\/div>\n\t\t\t\t\t<\/div>\n\t\t<\/div>\n\t\t\t\t\t<\/div>\n\t\t<\/section>\n\t\t\t\t<section class=\"elementor-section elementor-top-section elementor-element elementor-element-0ef8a24 elementor-section-boxed elementor-section-height-default elementor-section-height-default\" data-id=\"0ef8a24\" data-element_type=\"section\" data-e-type=\"section\">\n\t\t\t\t\t\t<div class=\"elementor-container elementor-column-gap-default\">\n\t\t\t\t\t<div class=\"elementor-column elementor-col-100 elementor-top-column elementor-element elementor-element-295e7cb\" data-id=\"295e7cb\" data-element_type=\"column\" data-e-type=\"column\">\n\t\t\t<div class=\"elementor-widget-wrap elementor-element-populated\">\n\t\t\t\t\t\t<div class=\"elementor-element elementor-element-7f336b4 elementor-widget elementor-widget-text-editor\" data-id=\"7f336b4\" data-element_type=\"widget\" data-e-type=\"widget\" data-widget_type=\"text-editor.default\">\n\t\t\t\t<div class=\"elementor-widget-container\">\n\t\t\t\t\t\t\t\t\t<p style=\"text-align: center;\"><span data-contrast=\"auto\">Trecho da palestra em 01 de fevereiro de 1948.<\/span><span data-ccp-props=\"{&quot;201341983&quot;:0,&quot;335559739&quot;:160,&quot;335559740&quot;:276}\">\u00a0<\/span><\/p><p><span data-contrast=\"none\">Agora, o que \u00e9 continuidade? Voc\u00eas est\u00e3o interessados nisso tudo, senhores, ou est\u00e3o apenas escutando? Por ora, esque\u00e7am que est\u00e3o apenas escutando, e experimentem comigo enquanto sigo, estou pensando alto com voc\u00eas sobre este problema. \u00c9 problema de voc\u00eas bem como meu \u2013 s\u00f3 estou dando express\u00e3o a ele. \u00c9 problema de voc\u00eas, ent\u00e3o acompanhem, experimentem passo a passo.<\/span><span data-ccp-props=\"{&quot;201341983&quot;:0,&quot;335551550&quot;:6,&quot;335551620&quot;:6,&quot;335559739&quot;:160,&quot;335559740&quot;:259}\">\u00a0<\/span><\/p><p><span data-contrast=\"none\">Agora, o que n\u00f3s chamamos de continuidade? O que \u00e9 isso que continua? Uma ou duas coisas. Ou \u00e9 uma entidade espiritual e, portanto, est\u00e1 fora do tempo, ou \u00e9 apenas mem\u00f3ria, se concedendo continuidade atrav\u00e9s do res\u00edduo da experi\u00eancia. Entendem? Estou sendo claro? Ou seja, se sou uma entidade espiritual, ent\u00e3o sou eterna; assim, n\u00e3o h\u00e1 continuidade. Pois isso que \u00e9 espiritualidade, verdade, religiosidade, est\u00e1 fora do tempo; portanto n\u00e3o \u00e9 a continuidade que conhecemos como amanh\u00e3 e o futuro. Entendem? Se o que sou \u00e9 uma entidade espiritual, deve ser sem continuidade, n\u00e3o pode progredir, n\u00e3o pode crescer, n\u00e3o pode se tornar; mas de fato, o que eu sou pensa que deve se tornar, isto \u00e9, estou pensando em termos de se tornar. Ent\u00e3o n\u00e3o sou uma entidade espiritual. Porque se sou uma entidade espiritual, n\u00e3o vou me tornar; ent\u00e3o morte e vida s\u00e3o uma coisa \u00fanica, existe atemporalidade, existe eternidade. Mas voc\u00ea est\u00e1 pensando em termos de se tornar, ent\u00e3o est\u00e1 preso no tempo. <\/span><span data-contrast=\"none\">N\u00e3o v\u00e3o dormir com isso \u2013 estamos experimentando juntos.<\/span><span data-ccp-props=\"{&quot;201341983&quot;:0,&quot;335551550&quot;:6,&quot;335551620&quot;:6,&quot;335559739&quot;:160,&quot;335559740&quot;:259}\">\u00a0<\/span><\/p><p><span data-contrast=\"none\">Ent\u00e3o, se voc\u00ea for uma entidade espiritual, n\u00e3o precisa se preocupar com isso, e voc\u00ea n\u00e3o precisa descobrir se existe continuidade ou n\u00e3o. Est\u00e1 acabado \u2013 h\u00e1 imortalidade. Mas voc\u00ea n\u00e3o \u00e9 assim; voc\u00ea est\u00e1 amedrontado, e por isso quer saber se existe continuidade. Ent\u00e3o, voc\u00ea est\u00e1 com uma coisa s\u00f3, que \u00e9 mem\u00f3ria. Entendem, senhores? Voc\u00eas n\u00e3o podem fazer esse jogo de palavras com as duas. Se voc\u00ea \u00e9 uma entidade espiritual, ent\u00e3o n\u00e3o est\u00e1 preocupado com morte, continuidade, tempo; pois aquilo que \u00e9 espiritual, \u00e9 eterno, imortal. Mas voc\u00ea n\u00e3o est\u00e1 nesse estado de ser. Voc\u00ea est\u00e1 no estado de se tornar, no estado da continuidade, querendo saber se existe continuidade ou n\u00e3o. Essa pr\u00f3pria pergunta indica que voc\u00ea n\u00e3o est\u00e1 no outro estado de ser \u2013 ent\u00e3o podemos deixar isso de lado. Assim, o que \u00e9 isso que continua? O que continua na sua vida di\u00e1ria? Obviamente, n\u00e3o a entidade espiritual. \u00c9 sua mem\u00f3ria identificada com propriedade, nome, rela\u00e7\u00f5es e ideias, n\u00e3o? Se voc\u00ea n\u00e3o tivesse mem\u00f3ria, a propriedade n\u00e3o teria significado. Se voc\u00ea n\u00e3o tivesse mem\u00f3ria do ontem, a propriedade n\u00e3o teria qualquer valor, nem a rela\u00e7\u00e3o teria, nem as ideias teriam. Voc\u00ea est\u00e1 em busca de continuidade e a estabelece pela propriedade, pela fam\u00edlia, pela ideia, que \u00e9 o \u2018Eu\u2019, e quer saber se o \u2018Eu\u2019 continua. Agora, quando fala do \u2018Eu\u2019, o que ele \u00e9? \u00c9 nome, qualidades, ideias, sua conta no banco, sua posi\u00e7\u00e3o, car\u00e1ter, concep\u00e7\u00e3o \u2013 que \u00e9 tudo mem\u00f3ria, n\u00e3o? Senhor, n\u00e3o estou lhe for\u00e7ando a aceitar nada. Estou afirmando o que de fato \u00e9, n\u00e3o tratando de teorias ou especula\u00e7\u00f5es.\u00a0 Estamos experimentando para ver se podemos descobrir a verdade da quest\u00e3o e ficamos livres do problema da continuidade.<\/span><span data-ccp-props=\"{&quot;201341983&quot;:0,&quot;335551550&quot;:6,&quot;335551620&quot;:6,&quot;335559739&quot;:160,&quot;335559740&quot;:259}\">\u00a0<\/span><\/p>\t\t\t\t\t\t\t\t<\/div>\n\t\t\t\t<\/div>\n\t\t\t\t\t<\/div>\n\t\t<\/div>\n\t\t\t\t\t<\/div>\n\t\t<\/section>\n\t\t\t\t<\/div>\n\t\t","protected":false},"excerpt":{"rendered":"<p>Trecho da palestra em 03 de janeiro de 1934\u00a0 Tratei da quest\u00e3o da reencarna\u00e7\u00e3o tantas vezes que agora falarei dela apenas brevemente. Podem n\u00e3o considerar de nenhum modo o que digo; ou podem examin\u00e1-lo, conforme quiserem. Receio que o n\u00e3o considerem \u2013 embora isso n\u00e3o importe \u2013 porque est\u00e3o comprometidos com determinadas ideias, com determinadas [&hellip;]<\/p>\n","protected":false},"author":1,"featured_media":0,"parent":0,"menu_order":0,"comment_status":"closed","ping_status":"closed","template":"elementor_canvas","meta":{"footnotes":""},"class_list":["post-3006","page","type-page","status-publish","hentry","entry"],"_links":{"self":[{"href":"https:\/\/krishnamurtitextos.com.br\/index.php?rest_route=\/wp\/v2\/pages\/3006","targetHints":{"allow":["GET"]}}],"collection":[{"href":"https:\/\/krishnamurtitextos.com.br\/index.php?rest_route=\/wp\/v2\/pages"}],"about":[{"href":"https:\/\/krishnamurtitextos.com.br\/index.php?rest_route=\/wp\/v2\/types\/page"}],"author":[{"embeddable":true,"href":"https:\/\/krishnamurtitextos.com.br\/index.php?rest_route=\/wp\/v2\/users\/1"}],"replies":[{"embeddable":true,"href":"https:\/\/krishnamurtitextos.com.br\/index.php?rest_route=%2Fwp%2Fv2%2Fcomments&post=3006"}],"version-history":[{"count":5,"href":"https:\/\/krishnamurtitextos.com.br\/index.php?rest_route=\/wp\/v2\/pages\/3006\/revisions"}],"predecessor-version":[{"id":3013,"href":"https:\/\/krishnamurtitextos.com.br\/index.php?rest_route=\/wp\/v2\/pages\/3006\/revisions\/3013"}],"wp:attachment":[{"href":"https:\/\/krishnamurtitextos.com.br\/index.php?rest_route=%2Fwp%2Fv2%2Fmedia&parent=3006"}],"curies":[{"name":"wp","href":"https:\/\/api.w.org\/{rel}","templated":true}]}}