{"id":2480,"date":"2022-12-19T12:23:34","date_gmt":"2022-12-19T12:23:34","guid":{"rendered":"https:\/\/krishnamurtitextos.com.br\/?page_id=2480"},"modified":"2025-02-27T13:14:14","modified_gmt":"2025-02-27T13:14:14","slug":"temas-especificos","status":"publish","type":"page","link":"https:\/\/krishnamurtitextos.com.br\/?page_id=2480","title":{"rendered":"Temas espec\u00edficos"},"content":{"rendered":"\t\t<div data-elementor-type=\"wp-page\" data-elementor-id=\"2480\" class=\"elementor elementor-2480\">\n\t\t\t\t\t\t<section class=\"elementor-section elementor-top-section elementor-element elementor-element-08f6368 elementor-section-boxed elementor-section-height-default elementor-section-height-default\" data-id=\"08f6368\" data-element_type=\"section\" data-e-type=\"section\">\n\t\t\t\t\t\t<div class=\"elementor-container elementor-column-gap-default\">\n\t\t\t\t\t<div class=\"elementor-column elementor-col-100 elementor-top-column elementor-element elementor-element-0693a13\" data-id=\"0693a13\" data-element_type=\"column\" data-e-type=\"column\">\n\t\t\t<div class=\"elementor-widget-wrap elementor-element-populated\">\n\t\t\t\t\t\t<div class=\"elementor-element elementor-element-e229971 elementor-widget elementor-widget-text-editor\" data-id=\"e229971\" data-element_type=\"widget\" data-e-type=\"widget\" data-widget_type=\"text-editor.default\">\n\t\t\t\t<div class=\"elementor-widget-container\">\n\t\t\t\t\t\t\t\t\t<p style=\"text-align: center;\">Caro leitor, pretendemos neste espa\u00e7o oferecer material sobre a abordagem de krishnamuri em temas espec\u00edficos, mas devido \u00e0 complexidade do trabalho, ele continuar\u00e1 sofrendo altera\u00e7\u00f5es, podendo ser modificado tanto no tema como no conte\u00fado. O tema que possuir material estar\u00e1 na cor azul, sendo o link liberado e os que estiverem na cor preta ainda receber\u00e3o conte\u00fado. Para acessar, basta clicar sobre a palavra na rela\u00e7\u00e3o.<\/p>\n<p style=\"text-align: center;\">Se voc\u00ea identificar algum erro ou tiver alguma sugest\u00e3o, por favor, entre em contato atrav\u00e9s do email <strong><em>krishnamurtitextos@gmail.com<\/em><\/strong><\/p>\t\t\t\t\t\t\t\t<\/div>\n\t\t\t\t<\/div>\n\t\t\t\t\t<\/div>\n\t\t<\/div>\n\t\t\t\t\t<\/div>\n\t\t<\/section>\n\t\t\t\t<section class=\"elementor-section elementor-top-section elementor-element elementor-element-cdc1880 elementor-section-boxed elementor-section-height-default elementor-section-height-default\" data-id=\"cdc1880\" data-element_type=\"section\" data-e-type=\"section\">\n\t\t\t\t\t\t<div class=\"elementor-container elementor-column-gap-default\">\n\t\t\t\t\t<div class=\"elementor-column elementor-col-100 elementor-top-column elementor-element elementor-element-250afc8\" data-id=\"250afc8\" data-element_type=\"column\" data-e-type=\"column\">\n\t\t\t<div class=\"elementor-widget-wrap elementor-element-populated\">\n\t\t\t\t\t\t<div class=\"elementor-element elementor-element-0ff585f elementor-widget-divider--view-line elementor-widget elementor-widget-divider\" data-id=\"0ff585f\" data-element_type=\"widget\" data-e-type=\"widget\" data-widget_type=\"divider.default\">\n\t\t\t\t<div class=\"elementor-widget-container\">\n\t\t\t\t\t\t\t<div class=\"elementor-divider\">\n\t\t\t<span class=\"elementor-divider-separator\">\n\t\t\t\t\t\t<\/span>\n\t\t<\/div>\n\t\t\t\t\t\t<\/div>\n\t\t\t\t<\/div>\n\t\t\t\t\t<\/div>\n\t\t<\/div>\n\t\t\t\t\t<\/div>\n\t\t<\/section>\n\t\t\t\t<section class=\"elementor-section elementor-top-section elementor-element elementor-element-6488e4f elementor-section-boxed elementor-section-height-default elementor-section-height-default\" data-id=\"6488e4f\" data-element_type=\"section\" data-e-type=\"section\">\n\t\t\t\t\t\t<div class=\"elementor-container elementor-column-gap-default\">\n\t\t\t\t\t<div class=\"elementor-column elementor-col-33 elementor-top-column elementor-element elementor-element-3e762e4\" data-id=\"3e762e4\" data-element_type=\"column\" data-e-type=\"column\">\n\t\t\t<div class=\"elementor-widget-wrap elementor-element-populated\">\n\t\t\t\t\t\t<div class=\"elementor-element elementor-element-bed127a elementor-widget elementor-widget-text-editor\" data-id=\"bed127a\" data-element_type=\"widget\" data-e-type=\"widget\" data-widget_type=\"text-editor.default\">\n\t\t\t\t<div class=\"elementor-widget-container\">\n\t\t\t\t\t\t\t\t\t<ul><li><span style=\"color: #0000ff;\"><a style=\"color: #0000ff;\" href=\"https:\/\/krishnamurtitextos.com.br\/?page_id=2549\" target=\"_blank\" rel=\"noopener\">A mente religiosa<\/a><\/span><\/li><li><span style=\"color: #0000ff;\"><a style=\"color: #0000ff;\" href=\"https:\/\/krishnamurtitextos.com.br\/?page_id=2566\">A mudan\u00e7a na sociedade<\/a><\/span><\/li><li><span style=\"color: #0000ff;\"><a style=\"color: #0000ff;\" href=\"https:\/\/krishnamurtitextos.com.br\/?page_id=3470\" target=\"_blank\" rel=\"noopener\">Abandono\/Ren\u00fancia<\/a><\/span><\/li><li><span style=\"color: #0000ff;\"><a style=\"color: #0000ff;\" href=\"https:\/\/krishnamurtitextos.com.br\/?page_id=3478\" target=\"_blank\" rel=\"noopener\">A\u00e7\u00e3o<\/a><\/span><\/li><li>Afeto<\/li><li>Agress\u00e3o<\/li><li><span style=\"color: #0000ff;\"><a style=\"color: #0000ff;\" href=\"https:\/\/krishnamurtitextos.com.br\/?page_id=3489\" target=\"_blank\" rel=\"noopener\">Ajudar<\/a><\/span><\/li><li><span style=\"color: #0000ff;\"><a style=\"color: #0000ff;\" href=\"https:\/\/krishnamurtitextos.com.br\/?page_id=3498\" target=\"_blank\" rel=\"noopener\">Alegria<\/a><\/span><\/li><li><span style=\"color: #0000ff;\"><a style=\"color: #0000ff;\" href=\"https:\/\/krishnamurtitextos.com.br\/?page_id=3506\" target=\"_blank\" rel=\"noopener\">Ambi\u00e7\u00e3o<\/a><\/span><\/li><li><span style=\"color: #0000ff;\"><a style=\"color: #0000ff;\" href=\"https:\/\/krishnamurtitextos.com.br\/?page_id=3514\" target=\"_blank\" rel=\"noopener\">Amor<\/a><\/span><\/li><\/ul>\t\t\t\t\t\t\t\t<\/div>\n\t\t\t\t<\/div>\n\t\t\t\t\t<\/div>\n\t\t<\/div>\n\t\t\t\t<div class=\"elementor-column elementor-col-33 elementor-top-column elementor-element elementor-element-75aef6c\" data-id=\"75aef6c\" data-element_type=\"column\" data-e-type=\"column\">\n\t\t\t<div class=\"elementor-widget-wrap elementor-element-populated\">\n\t\t\t\t\t\t<div class=\"elementor-element elementor-element-4a3e74c elementor-widget elementor-widget-text-editor\" data-id=\"4a3e74c\" data-element_type=\"widget\" data-e-type=\"widget\" data-widget_type=\"text-editor.default\">\n\t\t\t\t<div class=\"elementor-widget-container\">\n\t\t\t\t\t\t\t\t\t<ul><li><span style=\"color: #0000ff;\"><a style=\"color: #0000ff;\" href=\"https:\/\/krishnamurtitextos.com.br\/?page_id=3522\" target=\"_blank\" rel=\"noopener\">An\u00e1lise<\/a><\/span><\/li><li><span style=\"color: #0000ff;\"><a style=\"color: #0000ff;\" href=\"https:\/\/krishnamurtitextos.com.br\/?page_id=3537\" target=\"_blank\" rel=\"noopener\">Apego<\/a><\/span><\/li><li><a href=\"https:\/\/krishnamurtitextos.com.br\/?page_id=3147\"><span style=\"color: #0000ff;\">Aprendendo a observar<\/span><\/a><\/li><li><span style=\"color: #0000ff;\"><a style=\"color: #0000ff;\" href=\"https:\/\/krishnamurtitextos.com.br\/?page_id=3548\" target=\"_blank\" rel=\"noopener\">Aprendendo a ouvir<\/a><\/span><\/li><li><span style=\"color: #0000ff;\"><a style=\"color: #0000ff;\" href=\"https:\/\/krishnamurtitextos.com.br\/?page_id=3556\" target=\"_blank\" rel=\"noopener\">Aten\u00e7\u00e3o<\/a><\/span><\/li><li><span style=\"color: #0000ff;\"><a style=\"color: #0000ff;\" href=\"https:\/\/krishnamurtitextos.com.br\/?page_id=3570\" target=\"_blank\" rel=\"noopener\">Autoconhecimento<\/a><\/span><\/li><li>Autoridade<\/li><li><a href=\"https:\/\/krishnamurtitextos.com.br\/?page_id=4606\"><span style=\"color: #0000ff;\">Beleza<\/span><\/a><\/li><li>Ci\u00fame<\/li><li>Compaix\u00e3o<\/li><\/ul>\t\t\t\t\t\t\t\t<\/div>\n\t\t\t\t<\/div>\n\t\t\t\t\t<\/div>\n\t\t<\/div>\n\t\t\t\t<div class=\"elementor-column elementor-col-33 elementor-top-column elementor-element elementor-element-72475c0\" data-id=\"72475c0\" data-element_type=\"column\" data-e-type=\"column\">\n\t\t\t<div class=\"elementor-widget-wrap elementor-element-populated\">\n\t\t\t\t\t\t<div class=\"elementor-element elementor-element-842e11e elementor-widget elementor-widget-text-editor\" data-id=\"842e11e\" data-element_type=\"widget\" data-e-type=\"widget\" data-widget_type=\"text-editor.default\">\n\t\t\t\t<div class=\"elementor-widget-container\">\n\t\t\t\t\t\t\t\t\t<ul><li>Compara\u00e7\u00e3o<\/li><li>Compreens\u00e3o<\/li><li>Concentra\u00e7\u00e3o<\/li><li>Condicionamento<\/li><li>Conflito<\/li><li>Contempla\u00e7\u00e3o<\/li><li>Continuidade<\/li><li>Cria\u00e7\u00e3o<\/li><li>Depend\u00eancia<\/li><li>Desejo<\/li><\/ul>\t\t\t\t\t\t\t\t<\/div>\n\t\t\t\t<\/div>\n\t\t\t\t\t<\/div>\n\t\t<\/div>\n\t\t\t\t\t<\/div>\n\t\t<\/section>\n\t\t\t\t<section class=\"elementor-section elementor-top-section elementor-element elementor-element-420add7 elementor-section-boxed elementor-section-height-default elementor-section-height-default\" data-id=\"420add7\" data-element_type=\"section\" data-e-type=\"section\">\n\t\t\t\t\t\t<div class=\"elementor-container elementor-column-gap-default\">\n\t\t\t\t\t<div class=\"elementor-column elementor-col-33 elementor-top-column elementor-element elementor-element-7774559\" data-id=\"7774559\" data-element_type=\"column\" data-e-type=\"column\">\n\t\t\t<div class=\"elementor-widget-wrap elementor-element-populated\">\n\t\t\t\t\t\t<div class=\"elementor-element elementor-element-1171dab elementor-widget elementor-widget-text-editor\" data-id=\"1171dab\" data-element_type=\"widget\" data-e-type=\"widget\" data-widget_type=\"text-editor.default\">\n\t\t\t\t<div class=\"elementor-widget-container\">\n\t\t\t\t\t\t\t\t\t<ul><li>Deus<\/li><li>Disciplina<\/li><li>Educa\u00e7\u00e3o<\/li><li>Espa\u00e7o<\/li><li><span style=\"color: #0000ff;\"><a style=\"color: #0000ff;\" href=\"https:\/\/krishnamurtitextos.com.br\/?page_id=4598\u2197\">Experi\u00eancia<\/a><\/span><\/li><li>Florescer<\/li><li>Ideais<\/li><li><span style=\"color: #0000ff;\"><a style=\"color: #0000ff;\" href=\"https:\/\/krishnamurtitextos.com.br\/?page_id=4325\">Estar consciente X observar<\/a><\/span><\/li><li><a href=\"https:\/\/krishnamurtitextos.com.br\/?page_id=3017\"><span style=\"color: #0000ff;\">Identifica\u00e7\u00e3o<\/span><\/a><\/li><li>Ilumina\u00e7\u00e3o<\/li><li>Inconsciente<\/li><\/ul>\t\t\t\t\t\t\t\t<\/div>\n\t\t\t\t<\/div>\n\t\t\t\t\t<\/div>\n\t\t<\/div>\n\t\t\t\t<div class=\"elementor-column elementor-col-33 elementor-top-column elementor-element elementor-element-74694ff\" data-id=\"74694ff\" data-element_type=\"column\" data-e-type=\"column\">\n\t\t\t<div class=\"elementor-widget-wrap elementor-element-populated\">\n\t\t\t\t\t\t<div class=\"elementor-element elementor-element-7a043ab elementor-widget elementor-widget-text-editor\" data-id=\"7a043ab\" data-element_type=\"widget\" data-e-type=\"widget\" data-widget_type=\"text-editor.default\">\n\t\t\t\t<div class=\"elementor-widget-container\">\n\t\t\t\t\t\t\t\t\t<ul><li>Inoc\u00eancia<\/li><li>Intelig\u00eancia<\/li><li>Intui\u00e7\u00e3o<\/li><li>Liberdade<\/li><li>Mediocridade<\/li><li>Medita\u00e7\u00e3o<\/li><li><span style=\"color: #0000ff;\"><a style=\"color: #0000ff;\" href=\"https:\/\/krishnamurtitextos.com.br\/?page_id=4584\u2197\">Medo<\/a><\/span><\/li><li>Mem\u00f3ria<\/li><li>Morte<\/li><li>Mudan\u00e7a<\/li><\/ul>\t\t\t\t\t\t\t\t<\/div>\n\t\t\t\t<\/div>\n\t\t\t\t\t<\/div>\n\t\t<\/div>\n\t\t\t\t<div class=\"elementor-column elementor-col-33 elementor-top-column elementor-element elementor-element-f2a8acb\" data-id=\"f2a8acb\" data-element_type=\"column\" data-e-type=\"column\">\n\t\t\t<div class=\"elementor-widget-wrap elementor-element-populated\">\n\t\t\t\t\t\t<div class=\"elementor-element elementor-element-c854b95 elementor-widget elementor-widget-text-editor\" data-id=\"c854b95\" data-element_type=\"widget\" data-e-type=\"widget\" data-widget_type=\"text-editor.default\">\n\t\t\t\t<div class=\"elementor-widget-container\">\n\t\t\t\t\t\t\t\t\t<ul><li>O eu<\/li><li>O que \u00e9 viver<\/li><li>Objetivo da vida<\/li><li>Observa\u00e7\u00e3o<\/li><li>Observador e observado<\/li><li>Palavra<\/li><li><span style=\"color: #0000ff;\"><a style=\"color: #0000ff;\" href=\"https:\/\/krishnamurtitextos.com.br\/?page_id=3451\" target=\"_blank\" rel=\"noopener\">Paz<\/a><\/span><\/li><li>Pensamento<\/li><li>Perfei\u00e7\u00e3o<\/li><li><span style=\"color: #0000ff;\"><a style=\"color: #0000ff;\" href=\"https:\/\/krishnamurtitextos.com.br\/?page_id=3053\" target=\"_blank\" rel=\"noopener\">Pol\u00edtica<\/a><\/span><\/li><\/ul>\t\t\t\t\t\t\t\t<\/div>\n\t\t\t\t<\/div>\n\t\t\t\t\t<\/div>\n\t\t<\/div>\n\t\t\t\t\t<\/div>\n\t\t<\/section>\n\t\t\t\t<section class=\"elementor-section elementor-top-section elementor-element elementor-element-63817bc elementor-section-boxed elementor-section-height-default elementor-section-height-default\" data-id=\"63817bc\" data-element_type=\"section\" data-e-type=\"section\">\n\t\t\t\t\t\t<div class=\"elementor-container elementor-column-gap-default\">\n\t\t\t\t\t<div class=\"elementor-column elementor-col-33 elementor-top-column elementor-element elementor-element-38da218\" data-id=\"38da218\" data-element_type=\"column\" data-e-type=\"column\">\n\t\t\t<div class=\"elementor-widget-wrap elementor-element-populated\">\n\t\t\t\t\t\t<div class=\"elementor-element elementor-element-11290e2 elementor-widget elementor-widget-text-editor\" data-id=\"11290e2\" data-element_type=\"widget\" data-e-type=\"widget\" data-widget_type=\"text-editor.default\">\n\t\t\t\t<div class=\"elementor-widget-container\">\n\t\t\t\t\t\t\t\t\t<ul><li>Prazer<\/li><li>Problemas<\/li><li>Progresso<\/li><li>Raiva<\/li><li><a href=\"https:\/\/krishnamurtitextos.com.br\/?page_id=3006\" target=\"_blank\" rel=\"noopener\"><span style=\"color: #0000ff;\">Reencarna\u00e7\u00e3o<\/span><\/a><\/li><li>Relacionamento<\/li><li>Religi\u00f5es e gurus<\/li><li>Resist\u00eancia<\/li><li>Responsabilidade<\/li><li>Salva\u00e7\u00e3o<\/li><\/ul>\t\t\t\t\t\t\t\t<\/div>\n\t\t\t\t<\/div>\n\t\t\t\t\t<\/div>\n\t\t<\/div>\n\t\t\t\t<div class=\"elementor-column elementor-col-33 elementor-top-column elementor-element elementor-element-8fe3d97\" data-id=\"8fe3d97\" data-element_type=\"column\" data-e-type=\"column\">\n\t\t\t<div class=\"elementor-widget-wrap elementor-element-populated\">\n\t\t\t\t\t\t<div class=\"elementor-element elementor-element-ae96a06 elementor-widget elementor-widget-text-editor\" data-id=\"ae96a06\" data-element_type=\"widget\" data-e-type=\"widget\" data-widget_type=\"text-editor.default\">\n\t\t\t\t<div class=\"elementor-widget-container\">\n\t\t\t\t\t\t\t\t\t<ul><li>Sexo<\/li><li>Sil\u00eancio<\/li><li>Sociedade<\/li><li>Sofrimento<\/li><li>Solid\u00e3o<\/li><li>Sono &#8211; o dormir<\/li><li>Supersti\u00e7\u00f5es<\/li><li>T\u00e9cnica<\/li><li><span style=\"color: #0000ff;\"><a style=\"color: #0000ff;\" href=\"https:\/\/krishnamurtitextos.com.br\/?page_id=3440\" target=\"_blank\" rel=\"noopener\">Tempo psicol\u00f3gico<\/a><\/span><\/li><li>Verdade<\/li><\/ul>\t\t\t\t\t\t\t\t<\/div>\n\t\t\t\t<\/div>\n\t\t\t\t\t<\/div>\n\t\t<\/div>\n\t\t\t\t<div class=\"elementor-column elementor-col-33 elementor-top-column elementor-element elementor-element-4b552f7\" data-id=\"4b552f7\" data-element_type=\"column\" data-e-type=\"column\">\n\t\t\t<div class=\"elementor-widget-wrap elementor-element-populated\">\n\t\t\t\t\t\t<div class=\"elementor-element elementor-element-81f9901 elementor-widget elementor-widget-text-editor\" data-id=\"81f9901\" data-element_type=\"widget\" data-e-type=\"widget\" data-widget_type=\"text-editor.default\">\n\t\t\t\t<div class=\"elementor-widget-container\">\n\t\t\t\t\t\t\t\t\t<ul><li><span style=\"color: #0000ff;\"><a style=\"color: #0000ff;\" href=\"https:\/\/krishnamurtitextos.com.br\/?page_id=3459\" target=\"_blank\" rel=\"noopener\">Vida religiosa<\/a><\/span><\/li><li>Viol\u00eancia<\/li><li>Virtude<\/li><\/ul>\t\t\t\t\t\t\t\t<\/div>\n\t\t\t\t<\/div>\n\t\t\t\t\t<\/div>\n\t\t<\/div>\n\t\t\t\t\t<\/div>\n\t\t<\/section>\n\t\t\t\t<\/div>\n\t\t","protected":false},"excerpt":{"rendered":"<p>Caro leitor, pretendemos neste espa\u00e7o oferecer material sobre a abordagem de krishnamuri em temas espec\u00edficos, mas devido \u00e0 complexidade do trabalho, ele continuar\u00e1 sofrendo altera\u00e7\u00f5es, podendo ser modificado tanto no tema como no conte\u00fado. O tema que possuir material estar\u00e1 na cor azul, sendo o link liberado e os que estiverem na cor preta ainda [&hellip;]<\/p>\n","protected":false},"author":1,"featured_media":0,"parent":0,"menu_order":0,"comment_status":"closed","ping_status":"closed","template":"elementor_canvas","meta":{"footnotes":""},"class_list":["post-2480","page","type-page","status-publish","hentry","entry"],"_links":{"self":[{"href":"https:\/\/krishnamurtitextos.com.br\/index.php?rest_route=\/wp\/v2\/pages\/2480","targetHints":{"allow":["GET"]}}],"collection":[{"href":"https:\/\/krishnamurtitextos.com.br\/index.php?rest_route=\/wp\/v2\/pages"}],"about":[{"href":"https:\/\/krishnamurtitextos.com.br\/index.php?rest_route=\/wp\/v2\/types\/page"}],"author":[{"embeddable":true,"href":"https:\/\/krishnamurtitextos.com.br\/index.php?rest_route=\/wp\/v2\/users\/1"}],"replies":[{"embeddable":true,"href":"https:\/\/krishnamurtitextos.com.br\/index.php?rest_route=%2Fwp%2Fv2%2Fcomments&post=2480"}],"version-history":[{"count":100,"href":"https:\/\/krishnamurtitextos.com.br\/index.php?rest_route=\/wp\/v2\/pages\/2480\/revisions"}],"predecessor-version":[{"id":4613,"href":"https:\/\/krishnamurtitextos.com.br\/index.php?rest_route=\/wp\/v2\/pages\/2480\/revisions\/4613"}],"wp:attachment":[{"href":"https:\/\/krishnamurtitextos.com.br\/index.php?rest_route=%2Fwp%2Fv2%2Fmedia&parent=2480"}],"curies":[{"name":"wp","href":"https:\/\/api.w.org\/{rel}","templated":true}]}}