{"id":2154,"date":"2022-12-18T20:40:27","date_gmt":"2022-12-18T20:40:27","guid":{"rendered":"https:\/\/krishnamurtitextos.com.br\/?page_id=2154"},"modified":"2022-12-18T20:41:27","modified_gmt":"2022-12-18T20:41:27","slug":"doutora-sarjit-siddoo","status":"publish","type":"page","link":"https:\/\/krishnamurtitextos.com.br\/?page_id=2154","title":{"rendered":"Doutora Sarjit Siddoo"},"content":{"rendered":"\t\t<div data-elementor-type=\"wp-page\" data-elementor-id=\"2154\" class=\"elementor elementor-2154\">\n\t\t\t\t\t\t<section class=\"elementor-section elementor-top-section elementor-element elementor-element-6b3bcd5f elementor-section-boxed elementor-section-height-default elementor-section-height-default\" data-id=\"6b3bcd5f\" data-element_type=\"section\" data-e-type=\"section\">\n\t\t\t\t\t\t<div class=\"elementor-container elementor-column-gap-default\">\n\t\t\t\t\t<div class=\"elementor-column elementor-col-100 elementor-top-column elementor-element elementor-element-5cc8f4f4\" data-id=\"5cc8f4f4\" data-element_type=\"column\" data-e-type=\"column\">\n\t\t\t<div class=\"elementor-widget-wrap elementor-element-populated\">\n\t\t\t\t\t\t<div class=\"elementor-element elementor-element-6c47674 elementor-widget elementor-widget-text-editor\" data-id=\"6c47674\" data-element_type=\"widget\" data-e-type=\"widget\" data-widget_type=\"text-editor.default\">\n\t\t\t\t<div class=\"elementor-widget-container\">\n\t\t\t\t\t\t\t\t\t<p style=\"text-align: center;\"><strong>Doutora Sarjit Siddoo<\/strong><\/p><p style=\"text-align: center;\">FUNDADORA, VILLAGE HOSPITAL, PUNJAB, \u00cdNDIA E CENTRO EDUCACIONAL KRISHNAMURTI, ILHA VICTORIA, CANAD\u00c1<\/p><p>\u00a0<\/p><p>EB: Que tipo de interesse voc\u00ea encontrou no Canad\u00e1 nos \u00faltimos anos? As pessoas aparentemente est\u00e3o lendo os livros de Krishnamurti. Voc\u00ea notou uma manifesta\u00e7\u00e3o de interesse?<\/p><p>SS: Com certeza. Dificilmente v\u00edamos livros de Krishnamurti nas livrarias quando come\u00e7amos, e agora podemos encontrar K at\u00e9 nas livrarias mais conservadoras. Agora, quase toda biblioteca tem pelo menos alguns livros de K.<\/p><p>Alguns anos atr\u00e1s, Krishnaji pediu que eu e minha irm\u00e3 Jugdis divulg\u00e1ssemos os ensinamentos pelo Canad\u00e1. Desde ent\u00e3o, houve um aumento no interesse. Muitos acad\u00eamicos, assim como leigos, t\u00eam pedido mais informa\u00e7\u00f5es sobre K. Nosso maior problema \u00e9 que o Canad\u00e1 \u00e9 um pa\u00eds vasto que se estende do Oceano Atl\u00e2ntico ao Oceano Pac\u00edfico, e, no entanto, proporcionalmente, \u00e9 um pa\u00eds de popula\u00e7\u00e3o muito pequena. Uma de nossas maiores preocupa\u00e7\u00f5es tem sido descobrir como centralizar os ensinamentos no Canad\u00e1 e torn\u00e1-los acess\u00edveis para o m\u00e1ximo de pessoas. Recentemente, fomos muito encorajados a encontrar pessoas vindo ao Centro na Ilha Victoria de lugares t\u00e3o distantes quanto a Nova Esc\u00f3cia.<\/p><p>EB: Nos \u00faltimos vinte anos, voc\u00ea teve a oportunidade de estar em contato muito pr\u00f3ximo com Krishnamurti. Voc\u00ea tem alguma observa\u00e7\u00e3o sobre Krishnamurti, o homem, assim como sobre seus ensinamentos?<\/p><p>SS: Acho que seus ensinamentos s\u00e3o extraordin\u00e1rios, assim como sinto que o pr\u00f3prio homem era extraordin\u00e1rio. Por muitos anos, eu e minha irm\u00e3 buscamos um \u201cguru\u201d. Hav\u00edamos lido muitas escrituras de diversas religi\u00f5es, incluindo da que fomos criadas, que foi o sikhismo, assim como o cristianismo, hindu\u00edsmo e budismo. Eu costumava me perguntar se as pessoas iluminadas realmente existiam na terra em nossa era. Nossa pesquisa b\u00e1sica na \u00cdndia era ver se os santos existem agora. Se eles existem, ent\u00e3o por que n\u00e3o conseguimos encontr\u00e1-los?<\/p><p>Foi nessa \u00e9poca que eu havia desistido e estava me tornando c\u00ednica com a coisa toda. Entrar em contato com Krishnamurti mudou isso. Definitivamente, mudou o curso de nossas vidas. Eu estava tendo problemas pessoais na \u00e9poca e descobri que, depois que minha m\u00e3e e meu pai faleceram, fui confrontada com coisas na vida que talvez n\u00e3o estivesse pronta para enfrentar. Nesses momentos, eu lia Krishnamurti. Ele dizia que quando lemos seus livros com aten\u00e7\u00e3o total, isso por si s\u00f3 j\u00e1 \u00e9 uma medita\u00e7\u00e3o.<\/p><p>EB: O que foi mais significativo para voc\u00ea nos ensinamentos?<\/p><p>SS: Talvez o mais significante tenha sido o fato de ele ter nos for\u00e7ado a buscar a salva\u00e7\u00e3o n\u00e3o no exterior, mas dentro de n\u00f3s mesmos, a que ele se referia como a \u201cRevolu\u00e7\u00e3o Interior\u201d. \u00c9 verdade que ao longo dos anos o homem tenha buscado mudan\u00e7a no exterior, seja pol\u00edtica, religiosa, social ou econ\u00f4mica. As pessoas querem encontrar um professor que instantaneamente leve-as para o Nirvana. K apontou que n\u00e3o h\u00e1 uma maneira f\u00e1cil de encontrar a ilumina\u00e7\u00e3o, \u00e9 um trabalho \u00e1rduo. Sinto que essa \u00e9 a coisa mais significativa apontada por ele \u2014 olhar para dentro, n\u00e3o para fora.<\/p><p>\u00c9 f\u00e1cil entender tudo isso intelectualmente, mas a aplica\u00e7\u00e3o \u00e9 uma grande tarefa. Quando estamos em crise, lendo K, percebe-se que a tristeza intensa, por exemplo, n\u00e3o \u00e9 realmente por quem partiu, mas por quem \u00e9 deixado para tr\u00e1s.<\/p><p>Krishnamurti deixou uma enorme contribui\u00e7\u00e3o para o mundo, especialmente neste s\u00e9culo. Ele fala conosco na linguagem do s\u00e9culo XX. Outros gigantes espirituais falaram em sua pr\u00f3pria \u00e9poca, mas, atrav\u00e9s da interpreta\u00e7\u00e3o, a mensagem real se dilui e \u00e9 frequentemente tendenciosa de acordo com o int\u00e9rprete. Com K, n\u00e3o \u00e9 preciso interpretar. Tudo est\u00e1 dispon\u00edvel em suas palavras exatas \u2014 em livros, fitas de \u00e1udio e v\u00eddeos.<\/p><p>EB: O que voc\u00ea acha que ser\u00e1 o futuro do trabalho de Krishnamurti?<\/p><p>SS: Bem, acho que \u00e9 algo que ir\u00e1 aflorar. Haver\u00e1 um per\u00edodo latente de trabalho \u00e1rduo nos bastidores, por assim dizer. Ent\u00e3o, se houver unidade e amor entre todos os fundamentos, uma grande energia poder\u00e1 ser criada e essa energia cuidar\u00e1 do futuro.<\/p><p>\u00a0<\/p>\t\t\t\t\t\t\t\t<\/div>\n\t\t\t\t<\/div>\n\t\t\t\t\t<\/div>\n\t\t<\/div>\n\t\t\t\t\t<\/div>\n\t\t<\/section>\n\t\t\t\t<\/div>\n\t\t","protected":false},"excerpt":{"rendered":"<p>Doutora Sarjit Siddoo FUNDADORA, VILLAGE HOSPITAL, PUNJAB, \u00cdNDIA E CENTRO EDUCACIONAL KRISHNAMURTI, ILHA VICTORIA, CANAD\u00c1 \u00a0 EB: Que tipo de interesse voc\u00ea encontrou no Canad\u00e1 nos \u00faltimos anos? As pessoas aparentemente est\u00e3o lendo os livros de Krishnamurti. Voc\u00ea notou uma manifesta\u00e7\u00e3o de interesse? SS: Com certeza. Dificilmente v\u00edamos livros de Krishnamurti nas livrarias quando come\u00e7amos, [&hellip;]<\/p>\n","protected":false},"author":1,"featured_media":0,"parent":0,"menu_order":0,"comment_status":"closed","ping_status":"closed","template":"elementor_canvas","meta":{"footnotes":""},"class_list":["post-2154","page","type-page","status-publish","hentry","entry"],"_links":{"self":[{"href":"https:\/\/krishnamurtitextos.com.br\/index.php?rest_route=\/wp\/v2\/pages\/2154","targetHints":{"allow":["GET"]}}],"collection":[{"href":"https:\/\/krishnamurtitextos.com.br\/index.php?rest_route=\/wp\/v2\/pages"}],"about":[{"href":"https:\/\/krishnamurtitextos.com.br\/index.php?rest_route=\/wp\/v2\/types\/page"}],"author":[{"embeddable":true,"href":"https:\/\/krishnamurtitextos.com.br\/index.php?rest_route=\/wp\/v2\/users\/1"}],"replies":[{"embeddable":true,"href":"https:\/\/krishnamurtitextos.com.br\/index.php?rest_route=%2Fwp%2Fv2%2Fcomments&post=2154"}],"version-history":[{"count":4,"href":"https:\/\/krishnamurtitextos.com.br\/index.php?rest_route=\/wp\/v2\/pages\/2154\/revisions"}],"predecessor-version":[{"id":2161,"href":"https:\/\/krishnamurtitextos.com.br\/index.php?rest_route=\/wp\/v2\/pages\/2154\/revisions\/2161"}],"wp:attachment":[{"href":"https:\/\/krishnamurtitextos.com.br\/index.php?rest_route=%2Fwp%2Fv2%2Fmedia&parent=2154"}],"curies":[{"name":"wp","href":"https:\/\/api.w.org\/{rel}","templated":true}]}}